{"id":1048,"date":"2018-03-29T20:39:53","date_gmt":"2018-03-29T22:39:53","guid":{"rendered":"http:\/\/astroceap.com.br\/ceap\/?page_id=1048"},"modified":"2020-11-18T17:23:10","modified_gmt":"2020-11-18T20:23:10","slug":"cursos-nivel2","status":"publish","type":"page","link":"https:\/\/astroceap.com.br\/ceap\/cursos-nivel2\/","title":{"rendered":"N\u00cdVEL II &#8211; EXTENS\u00c3O &#8211; ASTROLOGIA PREVISIONAL"},"content":{"rendered":"<p><span style=\"color: #ffffff;\">extens\u00e3o astrologia psicol\u00f3gica<\/span><\/p>\n<div class=\"pt-cv-wrapper\"><div class=\"pt-cv-view pt-cv-grid pt-cv-colsys\" id=\"pt-cv-view-68f3c70l8f\"><div data-id=\"pt-cv-page-1\" class=\"pt-cv-page\" data-cvc=\"3\"><div class=\"col-md-4 col-sm-6 col-xs-12 pt-cv-content-item pt-cv-1-col\" ><div class='pt-cv-ifield'><a href=\"https:\/\/astroceap.com.br\/ceap\/curso-previsoes\/\" class=\"_blank pt-cv-href-thumbnail pt-cv-thumb-default\" target=\"_blank\" ><img decoding=\"async\" width=\"300\" height=\"197\" data-src=\"https:\/\/astroceap.com.br\/ceap\/wp-content\/uploads\/2018\/03\/imagem-tempo-1-300x197.jpg\" class=\"pt-cv-thumbnail lazyload\" alt=\"\" data-srcset=\"https:\/\/astroceap.com.br\/ceap\/wp-content\/uploads\/2018\/03\/imagem-tempo-1-300x197.jpg 300w, https:\/\/astroceap.com.br\/ceap\/wp-content\/uploads\/2018\/03\/imagem-tempo-1.jpg 457w\" data-sizes=\"(max-width: 300px) 100vw, 300px\" src=\"data:image\/svg+xml;base64,PHN2ZyB3aWR0aD0iMSIgaGVpZ2h0PSIxIiB4bWxucz0iaHR0cDovL3d3dy53My5vcmcvMjAwMC9zdmciPjwvc3ZnPg==\" style=\"--smush-placeholder-width: 300px; --smush-placeholder-aspect-ratio: 300\/197;\" \/><\/a>\n<h4 class=\"pt-cv-title\"><a href=\"https:\/\/astroceap.com.br\/ceap\/curso-previsoes\/\" class=\"_blank\" target=\"_blank\" >CURSO PREVIS\u00d5ES<\/a><\/h4>\n<div class=\"pt-cv-content\">Neste curso vamos aprender a atualizar o Mapa Natal para o momento presente. Atrav\u00e9s da correla\u00e7\u00e3o entre o Micro e ...<br \/><div class=\"pt-cv-rmwrap\"><a href=\"https:\/\/astroceap.com.br\/ceap\/curso-previsoes\/\" class=\"_blank pt-cv-readmore btn btn-success\" target=\"_blank\">Leia Mais<\/a><\/div><\/div><\/div><\/div>\n<div class=\"col-md-4 col-sm-6 col-xs-12 pt-cv-content-item pt-cv-1-col\" ><div class='pt-cv-ifield'><a href=\"https:\/\/astroceap.com.br\/ceap\/curso-revolucao-solar\/\" class=\"_blank pt-cv-href-thumbnail pt-cv-thumb-default\" target=\"_blank\" ><img decoding=\"async\" width=\"300\" height=\"204\" data-src=\"https:\/\/astroceap.com.br\/ceap\/wp-content\/uploads\/2018\/03\/previso\u0303es-e1522364288847-300x204.jpg\" class=\"pt-cv-thumbnail lazyload\" alt=\"\" data-srcset=\"https:\/\/astroceap.com.br\/ceap\/wp-content\/uploads\/2018\/03\/previso\u0303es-e1522364288847-300x204.jpg 300w, https:\/\/astroceap.com.br\/ceap\/wp-content\/uploads\/2018\/03\/previso\u0303es-e1522364288847.jpg 757w\" data-sizes=\"(max-width: 300px) 100vw, 300px\" src=\"data:image\/svg+xml;base64,PHN2ZyB3aWR0aD0iMSIgaGVpZ2h0PSIxIiB4bWxucz0iaHR0cDovL3d3dy53My5vcmcvMjAwMC9zdmciPjwvc3ZnPg==\" style=\"--smush-placeholder-width: 300px; --smush-placeholder-aspect-ratio: 300\/204;\" \/><\/a>\n<h4 class=\"pt-cv-title\"><a href=\"https:\/\/astroceap.com.br\/ceap\/curso-revolucao-solar\/\" class=\"_blank\" target=\"_blank\" >CURSO REVOLU\u00c7\u00c3O SOLAR<\/a><\/h4>\n<div class=\"pt-cv-content\">Revolu\u00e7\u00e3o Solar \u00e9 um mapa tra\u00e7ado para o dia do anivers\u00e1rio de uma pessoa, para cada ano de vida. \u00c9 ...<br \/><div class=\"pt-cv-rmwrap\"><a href=\"https:\/\/astroceap.com.br\/ceap\/curso-revolucao-solar\/\" class=\"_blank pt-cv-readmore btn btn-success\" target=\"_blank\">Leia Mais<\/a><\/div><\/div><\/div><\/div>\n<div class=\"col-md-4 col-sm-6 col-xs-12 pt-cv-content-item pt-cv-1-col\" ><div class='pt-cv-ifield'><a href=\"https:\/\/astroceap.com.br\/ceap\/curso-retificacao-da-hora-de-nascimento\/\" class=\"_blank pt-cv-href-thumbnail pt-cv-thumb-default\" target=\"_blank\" ><img decoding=\"async\" width=\"300\" height=\"200\" data-src=\"https:\/\/astroceap.com.br\/ceap\/wp-content\/uploads\/2018\/03\/RETIFICAC\u0327A\u0303O-DA-HORA-DE-NASCIMENTO-300x200.jpeg\" class=\"pt-cv-thumbnail lazyload\" alt=\"\" data-srcset=\"https:\/\/astroceap.com.br\/ceap\/wp-content\/uploads\/2018\/03\/RETIFICAC\u0327A\u0303O-DA-HORA-DE-NASCIMENTO-300x200.jpeg 300w, https:\/\/astroceap.com.br\/ceap\/wp-content\/uploads\/2018\/03\/RETIFICAC\u0327A\u0303O-DA-HORA-DE-NASCIMENTO.jpeg 375w\" data-sizes=\"(max-width: 300px) 100vw, 300px\" src=\"data:image\/svg+xml;base64,PHN2ZyB3aWR0aD0iMSIgaGVpZ2h0PSIxIiB4bWxucz0iaHR0cDovL3d3dy53My5vcmcvMjAwMC9zdmciPjwvc3ZnPg==\" style=\"--smush-placeholder-width: 300px; --smush-placeholder-aspect-ratio: 300\/200;\" \/><\/a>\n<h4 class=\"pt-cv-title\"><a href=\"https:\/\/astroceap.com.br\/ceap\/curso-retificacao-da-hora-de-nascimento\/\" class=\"_blank\" target=\"_blank\" >CURSO RETIFICA\u00c7\u00c3O DA HORA DE NASCIMENTO<\/a><\/h4>\n<div class=\"pt-cv-content\">\u00c9 muito comum um cliente querer fazer o seu Mapa Natal mas ao mesmo tempo n\u00e3o ter certeza de seu ...<br \/><div class=\"pt-cv-rmwrap\"><a href=\"https:\/\/astroceap.com.br\/ceap\/curso-retificacao-da-hora-de-nascimento\/\" class=\"_blank pt-cv-readmore btn btn-success\" target=\"_blank\">Leia Mais<\/a><\/div><\/div><\/div><\/div>\n<div class=\"col-md-4 col-sm-6 col-xs-12 pt-cv-content-item pt-cv-1-col\" ><div class='pt-cv-ifield'><a href=\"https:\/\/astroceap.com.br\/ceap\/pratica-de-interpretacao-em-previsao\/\" class=\"_blank pt-cv-href-thumbnail pt-cv-thumb-default\" target=\"_blank\" ><img decoding=\"async\" width=\"300\" height=\"197\" data-src=\"https:\/\/astroceap.com.br\/ceap\/wp-content\/uploads\/2018\/03\/IMAGEM-PARA-O-NOVO-SITE-300x197.jpg\" class=\"pt-cv-thumbnail lazyload\" alt=\"\" data-srcset=\"https:\/\/astroceap.com.br\/ceap\/wp-content\/uploads\/2018\/03\/IMAGEM-PARA-O-NOVO-SITE-300x197.jpg 300w, https:\/\/astroceap.com.br\/ceap\/wp-content\/uploads\/2018\/03\/IMAGEM-PARA-O-NOVO-SITE.jpg 395w\" data-sizes=\"(max-width: 300px) 100vw, 300px\" src=\"data:image\/svg+xml;base64,PHN2ZyB3aWR0aD0iMSIgaGVpZ2h0PSIxIiB4bWxucz0iaHR0cDovL3d3dy53My5vcmcvMjAwMC9zdmciPjwvc3ZnPg==\" style=\"--smush-placeholder-width: 300px; --smush-placeholder-aspect-ratio: 300\/197;\" \/><\/a>\n<h4 class=\"pt-cv-title\"><a href=\"https:\/\/astroceap.com.br\/ceap\/pratica-de-interpretacao-em-previsao\/\" class=\"_blank\" target=\"_blank\" >PR\u00c1TICA DE INTERPRETA\u00c7\u00c3O EM PREVIS\u00c3O<\/a><\/h4>\n<div class=\"pt-cv-content\">Assim como o pr\u00f3prio nome diz, este curso enfoca a pr\u00e1tica de mapas em Astrologia Previsional. Utilizaremos v\u00e1rios mapas para ...<br \/><div class=\"pt-cv-rmwrap\"><a href=\"https:\/\/astroceap.com.br\/ceap\/pratica-de-interpretacao-em-previsao\/\" class=\"_blank pt-cv-readmore btn btn-success\" target=\"_blank\">Leia Mais<\/a><\/div><\/div><\/div><\/div><\/div><\/div><\/div>\n<p>&nbsp;<\/p>\n<p><a href=\"https:\/\/astroceap.com.br\/ceap\/inscricoes-cursos-online\/\">INSCREVA-SE<\/a><\/p>\n<p><a href=\"https:\/\/www.astro.com\/astrowiki\/en\/Main_Page\">QUER SABER MAIS SOBRE ASTROLOGIA? CLIQUE AQUI<\/a><\/p>\n<p><span style=\"color: #ffffff;\">extens\u00e3o astrologia psicol\u00f3gica<\/span><\/p>\n","protected":false},"excerpt":{"rendered":"<p>extens\u00e3o astrologia psicol\u00f3gica &nbsp; INSCREVA-SE QUER SABER MAIS SOBRE ASTROLOGIA? CLIQUE AQUI extens\u00e3o astrologia psicol\u00f3gica<\/p>\n","protected":false},"author":1,"featured_media":0,"parent":0,"menu_order":0,"comment_status":"closed","ping_status":"closed","template":"","meta":{"ngg_post_thumbnail":0,"footnotes":""},"class_list":["post-1048","page","type-page","status-publish","hentry"],"yoast_head":"<!-- This site is optimized with the Yoast SEO plugin v27.4 - https:\/\/yoast.com\/product\/yoast-seo-wordpress\/ -->\n<title>C.E.A.P. Cursos online de extens\u00e3o em astrologia psicol\u00f3gica<\/title>\n<meta name=\"description\" content=\"Nivel II - O C.E.A.P. oferece cursos online de Extens\u00e3o em Astrologia Psicol\u00f3gica com certifica\u00e7\u00e3o internacional.\" \/>\n<meta name=\"robots\" content=\"index, follow, max-snippet:-1, max-image-preview:large, max-video-preview:-1\" \/>\n<link rel=\"canonical\" href=\"https:\/\/astroceap.com.br\/ceap\/cursos-nivel2\/\" \/>\n<meta property=\"og:locale\" content=\"pt_BR\" \/>\n<meta property=\"og:type\" content=\"article\" \/>\n<meta property=\"og:title\" content=\"C.E.A.P. Cursos online de extens\u00e3o em astrologia psicol\u00f3gica\" \/>\n<meta property=\"og:description\" content=\"Nivel II - O C.E.A.P. oferece cursos online de Extens\u00e3o em Astrologia Psicol\u00f3gica com certifica\u00e7\u00e3o internacional.\" \/>\n<meta property=\"og:url\" content=\"https:\/\/astroceap.com.br\/ceap\/cursos-nivel2\/\" \/>\n<meta property=\"og:site_name\" content=\"C.E.A.P.\" \/>\n<meta property=\"article:publisher\" content=\"https:\/\/www.facebook.com\/astroceap\/\" \/>\n<meta property=\"article:modified_time\" content=\"2020-11-18T20:23:10+00:00\" \/>\n<meta name=\"twitter:card\" content=\"summary_large_image\" \/>\n<meta name=\"twitter:site\" content=\"@astrologiaceap\" \/>\n<script type=\"application\/ld+json\" class=\"yoast-schema-graph\">{\"@context\":\"https:\\\/\\\/schema.org\",\"@graph\":[{\"@type\":\"WebPage\",\"@id\":\"https:\\\/\\\/astroceap.com.br\\\/ceap\\\/cursos-nivel2\\\/\",\"url\":\"https:\\\/\\\/astroceap.com.br\\\/ceap\\\/cursos-nivel2\\\/\",\"name\":\"C.E.A.P. Cursos online de extens\u00e3o em astrologia psicol\u00f3gica\",\"isPartOf\":{\"@id\":\"https:\\\/\\\/astroceap.com.br\\\/ceap\\\/#website\"},\"datePublished\":\"2018-03-29T22:39:53+00:00\",\"dateModified\":\"2020-11-18T20:23:10+00:00\",\"description\":\"Nivel II - O C.E.A.P. oferece cursos online de Extens\u00e3o em Astrologia Psicol\u00f3gica com certifica\u00e7\u00e3o internacional.\",\"breadcrumb\":{\"@id\":\"https:\\\/\\\/astroceap.com.br\\\/ceap\\\/cursos-nivel2\\\/#breadcrumb\"},\"inLanguage\":\"pt-BR\",\"potentialAction\":[{\"@type\":\"ReadAction\",\"target\":[\"https:\\\/\\\/astroceap.com.br\\\/ceap\\\/cursos-nivel2\\\/\"]}]},{\"@type\":\"BreadcrumbList\",\"@id\":\"https:\\\/\\\/astroceap.com.br\\\/ceap\\\/cursos-nivel2\\\/#breadcrumb\",\"itemListElement\":[{\"@type\":\"ListItem\",\"position\":1,\"name\":\"In\u00edcio\",\"item\":\"https:\\\/\\\/astroceap.com.br\\\/ceap\\\/\"},{\"@type\":\"ListItem\",\"position\":2,\"name\":\"N\u00cdVEL II &#8211; EXTENS\u00c3O &#8211; ASTROLOGIA PREVISIONAL\"}]},{\"@type\":\"WebSite\",\"@id\":\"https:\\\/\\\/astroceap.com.br\\\/ceap\\\/#website\",\"url\":\"https:\\\/\\\/astroceap.com.br\\\/ceap\\\/\",\"name\":\"C.E.A.P.\",\"description\":\"Centro de Estudos de Astrologia Psicol\u00f3gica\",\"publisher\":{\"@id\":\"https:\\\/\\\/astroceap.com.br\\\/ceap\\\/#organization\"},\"potentialAction\":[{\"@type\":\"SearchAction\",\"target\":{\"@type\":\"EntryPoint\",\"urlTemplate\":\"https:\\\/\\\/astroceap.com.br\\\/ceap\\\/?s={search_term_string}\"},\"query-input\":{\"@type\":\"PropertyValueSpecification\",\"valueRequired\":true,\"valueName\":\"search_term_string\"}}],\"inLanguage\":\"pt-BR\"},{\"@type\":\"Organization\",\"@id\":\"https:\\\/\\\/astroceap.com.br\\\/ceap\\\/#organization\",\"name\":\"CEAP Centro de Estudos de Astrologia Psicol\u00f3gica\",\"url\":\"https:\\\/\\\/astroceap.com.br\\\/ceap\\\/\",\"logo\":{\"@type\":\"ImageObject\",\"inLanguage\":\"pt-BR\",\"@id\":\"https:\\\/\\\/astroceap.com.br\\\/ceap\\\/#\\\/schema\\\/logo\\\/image\\\/\",\"url\":\"http:\\\/\\\/astroceap.com.br\\\/ceap\\\/wp-content\\\/uploads\\\/2018\\\/03\\\/LOGO_CEAP_New4site.jpg\",\"contentUrl\":\"http:\\\/\\\/astroceap.com.br\\\/ceap\\\/wp-content\\\/uploads\\\/2018\\\/03\\\/LOGO_CEAP_New4site.jpg\",\"width\":140,\"height\":174,\"caption\":\"CEAP Centro de Estudos de Astrologia Psicol\u00f3gica\"},\"image\":{\"@id\":\"https:\\\/\\\/astroceap.com.br\\\/ceap\\\/#\\\/schema\\\/logo\\\/image\\\/\"},\"sameAs\":[\"https:\\\/\\\/www.facebook.com\\\/astroceap\\\/\",\"https:\\\/\\\/x.com\\\/astrologiaceap\",\"https:\\\/\\\/www.instagram.com\\\/ceap.astrologia\\\/\",\"https:\\\/\\\/www.youtube.com\\\/channel\\\/UCDsKeXx5S7f2xoPUxNpARSQ\"]}]}<\/script>\n<!-- \/ Yoast SEO plugin. -->","yoast_head_json":{"title":"C.E.A.P. Cursos online de extens\u00e3o em astrologia psicol\u00f3gica","description":"Nivel II - O C.E.A.P. oferece cursos online de Extens\u00e3o em Astrologia Psicol\u00f3gica com certifica\u00e7\u00e3o internacional.","robots":{"index":"index","follow":"follow","max-snippet":"max-snippet:-1","max-image-preview":"max-image-preview:large","max-video-preview":"max-video-preview:-1"},"canonical":"https:\/\/astroceap.com.br\/ceap\/cursos-nivel2\/","og_locale":"pt_BR","og_type":"article","og_title":"C.E.A.P. Cursos online de extens\u00e3o em astrologia psicol\u00f3gica","og_description":"Nivel II - O C.E.A.P. oferece cursos online de Extens\u00e3o em Astrologia Psicol\u00f3gica com certifica\u00e7\u00e3o internacional.","og_url":"https:\/\/astroceap.com.br\/ceap\/cursos-nivel2\/","og_site_name":"C.E.A.P.","article_publisher":"https:\/\/www.facebook.com\/astroceap\/","article_modified_time":"2020-11-18T20:23:10+00:00","twitter_card":"summary_large_image","twitter_site":"@astrologiaceap","schema":{"@context":"https:\/\/schema.org","@graph":[{"@type":"WebPage","@id":"https:\/\/astroceap.com.br\/ceap\/cursos-nivel2\/","url":"https:\/\/astroceap.com.br\/ceap\/cursos-nivel2\/","name":"C.E.A.P. Cursos online de extens\u00e3o em astrologia psicol\u00f3gica","isPartOf":{"@id":"https:\/\/astroceap.com.br\/ceap\/#website"},"datePublished":"2018-03-29T22:39:53+00:00","dateModified":"2020-11-18T20:23:10+00:00","description":"Nivel II - O C.E.A.P. oferece cursos online de Extens\u00e3o em Astrologia Psicol\u00f3gica com certifica\u00e7\u00e3o internacional.","breadcrumb":{"@id":"https:\/\/astroceap.com.br\/ceap\/cursos-nivel2\/#breadcrumb"},"inLanguage":"pt-BR","potentialAction":[{"@type":"ReadAction","target":["https:\/\/astroceap.com.br\/ceap\/cursos-nivel2\/"]}]},{"@type":"BreadcrumbList","@id":"https:\/\/astroceap.com.br\/ceap\/cursos-nivel2\/#breadcrumb","itemListElement":[{"@type":"ListItem","position":1,"name":"In\u00edcio","item":"https:\/\/astroceap.com.br\/ceap\/"},{"@type":"ListItem","position":2,"name":"N\u00cdVEL II &#8211; EXTENS\u00c3O &#8211; ASTROLOGIA PREVISIONAL"}]},{"@type":"WebSite","@id":"https:\/\/astroceap.com.br\/ceap\/#website","url":"https:\/\/astroceap.com.br\/ceap\/","name":"C.E.A.P.","description":"Centro de Estudos de Astrologia Psicol\u00f3gica","publisher":{"@id":"https:\/\/astroceap.com.br\/ceap\/#organization"},"potentialAction":[{"@type":"SearchAction","target":{"@type":"EntryPoint","urlTemplate":"https:\/\/astroceap.com.br\/ceap\/?s={search_term_string}"},"query-input":{"@type":"PropertyValueSpecification","valueRequired":true,"valueName":"search_term_string"}}],"inLanguage":"pt-BR"},{"@type":"Organization","@id":"https:\/\/astroceap.com.br\/ceap\/#organization","name":"CEAP Centro de Estudos de Astrologia Psicol\u00f3gica","url":"https:\/\/astroceap.com.br\/ceap\/","logo":{"@type":"ImageObject","inLanguage":"pt-BR","@id":"https:\/\/astroceap.com.br\/ceap\/#\/schema\/logo\/image\/","url":"http:\/\/astroceap.com.br\/ceap\/wp-content\/uploads\/2018\/03\/LOGO_CEAP_New4site.jpg","contentUrl":"http:\/\/astroceap.com.br\/ceap\/wp-content\/uploads\/2018\/03\/LOGO_CEAP_New4site.jpg","width":140,"height":174,"caption":"CEAP Centro de Estudos de Astrologia Psicol\u00f3gica"},"image":{"@id":"https:\/\/astroceap.com.br\/ceap\/#\/schema\/logo\/image\/"},"sameAs":["https:\/\/www.facebook.com\/astroceap\/","https:\/\/x.com\/astrologiaceap","https:\/\/www.instagram.com\/ceap.astrologia\/","https:\/\/www.youtube.com\/channel\/UCDsKeXx5S7f2xoPUxNpARSQ"]}]}},"_links":{"self":[{"href":"https:\/\/astroceap.com.br\/ceap\/wp-json\/wp\/v2\/pages\/1048","targetHints":{"allow":["GET"]}}],"collection":[{"href":"https:\/\/astroceap.com.br\/ceap\/wp-json\/wp\/v2\/pages"}],"about":[{"href":"https:\/\/astroceap.com.br\/ceap\/wp-json\/wp\/v2\/types\/page"}],"author":[{"embeddable":true,"href":"https:\/\/astroceap.com.br\/ceap\/wp-json\/wp\/v2\/users\/1"}],"replies":[{"embeddable":true,"href":"https:\/\/astroceap.com.br\/ceap\/wp-json\/wp\/v2\/comments?post=1048"}],"version-history":[{"count":8,"href":"https:\/\/astroceap.com.br\/ceap\/wp-json\/wp\/v2\/pages\/1048\/revisions"}],"predecessor-version":[{"id":8401,"href":"https:\/\/astroceap.com.br\/ceap\/wp-json\/wp\/v2\/pages\/1048\/revisions\/8401"}],"wp:attachment":[{"href":"https:\/\/astroceap.com.br\/ceap\/wp-json\/wp\/v2\/media?parent=1048"}],"curies":[{"name":"wp","href":"https:\/\/api.w.org\/{rel}","templated":true}]}}