{"id":11619,"date":"2025-12-07T18:03:34","date_gmt":"2025-12-07T21:03:34","guid":{"rendered":"https:\/\/astroceap.com.br\/ceap\/?page_id=11619"},"modified":"2025-12-07T18:03:34","modified_gmt":"2025-12-07T21:03:34","slug":"inscricoes-internacionais-especializacao-2026","status":"publish","type":"page","link":"https:\/\/astroceap.com.br\/ceap\/inscricoes-internacionais-especializacao-2026\/","title":{"rendered":"INSCRI\u00c7\u00d5ES INTERNACIONAIS &#8211; ESPECIALIZA\u00c7\u00c3O &#8211; 2026"},"content":{"rendered":"<p>&nbsp;<\/p>\n<div style=\"text-align: center;\">\n<h2 id=\"inscr_especializ\"><span style=\"color: #993300;\">ESPECIALIZA\u00c7\u00c3O<\/span><\/h2>\n<p><span style=\"font-weight: bold;\"><span style=\"font-size: x-large;\"><span style=\"color: #000000;\"><br \/>\nESPECIALIZA\u00c7\u00c3O EM ASTROLOGIA PSICOL\u00d3GICA<\/span><\/span><\/span><\/p>\n<\/div>\n<p style=\"text-align: center;\"><span style=\"text-align: center;\"><span style=\"color: #ff0000;\"><strong>ATEN\u00c7\u00c3O: A Forma\u00e7\u00e3o em Astrologia Psicol\u00f3gica \u00e9 pr\u00e9-requisito para os Cursos de Especializa\u00e7\u00e3o.<br \/>\n<\/strong><\/span><span style=\"color: #ff0000;\">Se voc\u00ea j\u00e1 possui conhecimentos e gostaria de ir direto para os Cursos de Especializa\u00e7\u00e3o,<br \/>\n<a href=\"mailto: contato1@astrologiaceap.com.br\">Entre em contato com o C.E.A.P<\/a><\/span><\/span><\/p>\n<p><strong><span style=\"color: #ff0000;\">3 cursos<\/span><\/strong><br \/>\n<strong><span style=\"color: #ff0000;\">17 aulas&nbsp;<\/span><\/strong><br \/>\n<strong><span style=\"color: #ff0000;\">14 h de v\u00eddeo-aulas<\/span><\/strong><br \/>\n<strong><span style=\"color: #ff0000;\">48 mapas com exerc\u00edcios pr\u00e1ticos<\/span><\/strong><br \/>\n<strong><span style=\"color: #ff0000;\">249 p\u00e1gs de apostila<\/span><\/strong><\/p>\n<div style=\"text-align: center;\">\n<div style=\"text-align: center;\">\n<table border=\"1\" width=\"100%\">\n<tbody>\n<tr>\n<td valign=\"top\" width=\"15%\">&nbsp;<\/td>\n<td style=\"text-align: center; font-family: arial, helvetica, sans-serif; font-weight: bold;\" valign=\"top\" width=\"20%\">Curso<\/td>\n<td style=\"text-align: center; font-family: arial, helvetica, sans-serif; font-weight: bold;\" valign=\"top\" width=\"49%\">Descri\u00e7\u00e3o<\/td>\n<td style=\"text-align: center; font-family: arial, helvetica, sans-serif; font-weight: bold;\" valign=\"top\" width=\"8%\">&nbsp;<\/td>\n<td style=\"text-align: center; font-family: arial, helvetica, sans-serif; font-weight: bold;\" valign=\"top\" width=\"8%\">&nbsp;<\/td>\n<\/tr>\n<tr style=\"font-weight: bold;\">\n<td style=\"text-align: center;\" valign=\"top\" width=\"5%\"><img decoding=\"async\" class=\"alignnone size-full wp-image-3398 lazyload\" data-src=\"https:\/\/astroceap.com.br\/ceap\/wp-content\/uploads\/2019\/08\/thum_tipos.jpg\" alt=\"\" width=\"120\" height=\"120\" align=\"middle\" border=\"0\" hspace=\"0\" vspace=\"0\" src=\"data:image\/svg+xml;base64,PHN2ZyB3aWR0aD0iMSIgaGVpZ2h0PSIxIiB4bWxucz0iaHR0cDovL3d3dy53My5vcmcvMjAwMC9zdmciPjwvc3ZnPg==\" style=\"--smush-placeholder-width: 120px; --smush-placeholder-aspect-ratio: 120\/120;\"><\/td>\n<td style=\"text-align: center; font-family: arial, helvetica, sans-serif;\" valign=\"top\" width=\"20%\"><span style=\"color: #0000ff;\">Curso<br \/>\n<\/span><br \/>\n<span style=\"font-weight: bold;\"><span style=\"color: #333333;\"><br \/>\n<span style=\"color: #000000;\">Tipos Psicol\u00f3gicos<\/span><\/span><br \/>\n<\/span><\/td>\n<td style=\"font-weight: normal;\" align=\"left\" valign=\"top\" width=\"49%\"><span style=\"font-size: 10pt; color: #000000;\">Este curso proporciona uma ampla correla\u00e7\u00e3o entre a Astrologia e a Psicologia Anal\u00edtica de Jung com a sua Tipologia. Veremos, atrav\u00e9s dos Mapas Natais, que tamb\u00e9m \u00e9 poss\u00edvel tra\u00e7armos uma Tipologia dentro da Astrologia, enriquecendo assim muito o nosso conhecimento sobre o ser humano.<br \/>\nO conte\u00fado deste curso corresponde a praticamente o de 02 cursos condensados em 01 s\u00f3.<\/span><span style=\"font-weight: bold;\"><span style=\"font-weight: bold;\"><span style=\"color: #ff0000;\"><br \/>\n<\/span><\/span><\/span><strong><span style=\"color: #ff0000;\">06 aulas \/ 06 v\u00eddeos =&nbsp; 248 min de v\u00eddeo-aulas ( 04 h 08 min )<\/span><\/strong><br \/>\n<strong><span style=\"color: #ff0000;\">21 mapas com an\u00e1lises completas<\/span><\/strong><br \/>\n<strong><span style=\"color: #ff0000;\">01 apostila com 64 p\u00e1gs ( em formato .pdf )<br \/>\n<\/span><\/strong><\/td>\n<td valign=\"top\" width=\"8%\"><span style=\"font-weight: normal; font-size: small;\"><br \/>\n<span style=\"font-size: small;\"><br \/>\n<\/span><\/span><\/p>\n<div align=\"center\">&nbsp;<\/div>\n<div align=\"center\">&nbsp;<\/div>\n<div align=\"center\">\n<div align=\"center\"><span style=\"font-weight: normal; font-size: small; color: #000000;\">&nbsp;<\/span><\/div>\n<\/div>\n<\/td>\n<td style=\"text-align: center;\" valign=\"top\" width=\"18%\">&nbsp;<\/p>\n<p>&nbsp;<\/p>\n<p><span style=\"font-weight: bold; color: #000000;\">&nbsp;<\/span><\/p>\n<div align=\"center\">&nbsp;<\/div>\n<p>&nbsp;<\/td>\n<\/tr>\n<tr style=\"font-weight: bold;\">\n<td style=\"text-align: center;\" valign=\"top\" width=\"5%\"><img decoding=\"async\" class=\"alignnone size-full wp-image-3399 lazyload\" data-src=\"https:\/\/astroceap.com.br\/ceap\/wp-content\/uploads\/2019\/08\/PSICOPATOLOGIA-120x120.jpg\" alt=\"\" width=\"120\" height=\"120\" border=\"0\" src=\"data:image\/svg+xml;base64,PHN2ZyB3aWR0aD0iMSIgaGVpZ2h0PSIxIiB4bWxucz0iaHR0cDovL3d3dy53My5vcmcvMjAwMC9zdmciPjwvc3ZnPg==\" style=\"--smush-placeholder-width: 120px; --smush-placeholder-aspect-ratio: 120\/120;\"><\/td>\n<td style=\"text-align: center; font-family: arial, helvetica, sans-serif;\" valign=\"top\" width=\"20%\"><span style=\"color: #0000ff;\">Curso<br \/>\n<\/span><br \/>\n<span style=\"color: #333333;\"><br \/>\nAstrologia e Psicopatologia<br \/>\n<\/span><\/td>\n<td style=\"font-weight: normal;\" align=\"left\" valign=\"top\" width=\"49%\">\n<p align=\"justify\"><span style=\"font-size: 10pt; color: #000000;\"><span class=\"s1\">Para que lado mais provavelmente uma psicopatologia se manifestar\u00e1 no Mapa Natal? Quais s\u00e3o as tend\u00eancias patol\u00f3gicas de cada signo? Quais os mecanismos de defesa mais comumente utilizados por determinados signos ou configura\u00e7\u00f5es preponderantes em um Mapa?<\/span><\/span><span style=\"font-weight: bold;\"><span style=\"color: #ff0000;\"><span style=\"font-weight: bold;\"><span style=\"font-weight: bold;\"><span style=\"color: #ff0000;\"><br \/>\n<\/span><\/span><\/span><\/span><\/span><\/p>\n<p align=\"justify\"><span style=\"font-weight: bold;\"><span style=\"color: #ff0000;\"><span style=\"font-weight: bold;\"><span style=\"font-weight: bold;\"><span style=\"color: #ff0000;\">04 aulas \/ 04 v\u00eddeos =&nbsp; 277 min de v\u00eddeo-aulas ( 04 h 37 min )<br \/>\n25 mapas com exerc\u00edcios pr\u00e1ticos<br \/>\n01 apostila com 99 p\u00e1gs<\/span><\/span><\/span><\/span><span style=\"color: #ff0000; font-weight: bold;\"> ( em formato .pdf )<br \/>\n<\/span><\/span><\/p>\n<p align=\"justify\">&nbsp;<\/p>\n<\/td>\n<td valign=\"top\" width=\"8%\"><span style=\"font-weight: normal; font-size: small;\"><span style=\"color: #ffffff;\">00\/00\/00<\/span><br \/>\n<span style=\"font-size: small;\"><br \/>\n<\/span><\/span><\/p>\n<div align=\"center\">&nbsp;<\/div>\n<div align=\"center\">&nbsp;<\/div>\n<div align=\"center\"><span style=\"font-weight: normal; font-size: small; color: #000000;\">&nbsp;<\/span><\/div>\n<\/td>\n<td style=\"text-align: center;\" valign=\"top\" width=\"18%\">&nbsp;<\/p>\n<p>&nbsp;<\/p>\n<p>&nbsp;<\/td>\n<\/tr>\n<tr style=\"font-weight: bold;\">\n<td style=\"text-align: center;\" valign=\"top\" width=\"5%\"><img decoding=\"async\" class=\"alignnone size-full wp-image-3400 lazyload\" data-src=\"https:\/\/astroceap.com.br\/ceap\/wp-content\/uploads\/2019\/08\/PSICOL-ANALITICA-120x120.jpg\" alt=\"\" width=\"120\" height=\"120\" align=\"middle\" border=\"0\" src=\"data:image\/svg+xml;base64,PHN2ZyB3aWR0aD0iMSIgaGVpZ2h0PSIxIiB4bWxucz0iaHR0cDovL3d3dy53My5vcmcvMjAwMC9zdmciPjwvc3ZnPg==\" style=\"--smush-placeholder-width: 120px; --smush-placeholder-aspect-ratio: 120\/120;\"><\/td>\n<td style=\"text-align: center; font-family: arial, helvetica, sans-serif;\" valign=\"top\" width=\"20%\"><span style=\"color: #0000ff;\">Curso<br \/>\n<\/span><br \/>\n<span style=\"color: #333333;\"><br \/>\nAstrologia e Psicologia Anal\u00edtica<\/span><\/td>\n<td style=\"font-weight: normal;\" align=\"left\" valign=\"top\" width=\"49%\">\n<p align=\"justify\"><span style=\"font-size: 10pt; color: #000000;\">Este curso intensifica a correla\u00e7\u00e3o entre a Psicologia e a Astrologia, j\u00e1 iniciada na Forma\u00e7\u00e3o Completa Natal. Agora aprofundaremos a compreens\u00e3o dos conte\u00fados da Psicologia Anal\u00edtica e da Psican\u00e1lise, correlacionando-os sempre com a interpreta\u00e7\u00e3o do Mapa Natal.<\/span><br \/>\n<span style=\"font-weight: bold;\"><span style=\"color: #ff0000;\">07 aulas \/ 07 v\u00eddeos =&nbsp; 311 min de v\u00eddeo-aulas ( 05 h 11 min )<\/span><br \/>\n<span style=\"color: #ff0000;\">02 mapas com an\u00e1lises completas<br \/>\n<\/span><span style=\"color: #ff0000; font-weight: bold;\">01 apostila com 86 p\u00e1gs ( em formato .pdf )<br \/>\n<\/span><\/span><\/p>\n<p align=\"justify\">&nbsp;<\/p>\n<\/td>\n<td valign=\"top\" width=\"8%\"><span style=\"font-weight: normal; font-size: small;\"><br \/>\n<span style=\"font-size: small;\"><br \/>\n<\/span><\/span><\/p>\n<div align=\"center\">&nbsp;<\/div>\n<div align=\"center\">&nbsp;<\/div>\n<div align=\"center\">\n<div align=\"center\"><span style=\"font-weight: normal; font-size: small; color: #000000;\">&nbsp;<\/span><\/div>\n<\/div>\n<\/td>\n<td style=\"text-align: center;\" valign=\"top\" width=\"18%\">&nbsp;<\/p>\n<p>&nbsp;<\/p>\n<p>&nbsp;<\/td>\n<\/tr>\n<tr>\n<td valign=\"top\">&nbsp;<\/td>\n<td valign=\"top\">&nbsp;<\/td>\n<td valign=\"top\">&nbsp;<\/td>\n<td valign=\"top\">&nbsp;<\/td>\n<td valign=\"top\">&nbsp;<\/td>\n<\/tr>\n<tr>\n<td colspan=\"4\" rowspan=\"1\" valign=\"top\">\n<div align=\"center\">\n<p><span style=\"color: #ff0000;\"><strong>ESPECIALIZA\u00c7\u00c3O &#8211; COMPLETA &#8211; com Desconto!<br \/>\n<\/strong><\/span><\/p>\n<\/div>\n<div align=\"center\"><span style=\"color: #000000;\">Adquira aqui o pacote &#8220;ESPECIALIZA\u00c7\u00c3O&#8221;<\/span><br \/>\n<span style=\"color: #000000;\">com os 3 cursos que comp\u00f5em este m\u00f3dulo<\/span><br \/>\n<span style=\"color: #000000;\">e garanta seu desconto<\/span><\/div>\n<div align=\"center\">&nbsp;<\/div>\n<\/td>\n<\/tr>\n<tr>\n<td colspan=\"4\" rowspan=\"1\" valign=\"top\">\n<div align=\"center\">\n<p><span style=\"color: #ff0000;\"><strong>PARA ALUNOS DO C.E.A.P.<br \/>\n<span style=\"color: #000000;\">Desconto Especial!<\/span><br \/>\n\u20ac 367,00<br \/>\n<\/strong><\/span><\/p>\n<\/div>\n<div align=\"center\">\n<form action=\"https:\/\/www.paypal.com\/cgi-bin\/webscr\" method=\"post\" target=\"_top\"><input name=\"cmd\" type=\"hidden\" value=\"_s-xclick\"><input name=\"hosted_button_id\" type=\"hidden\" value=\"XNS89XWJCGY6Q\"><input name=\"currency_code\" type=\"hidden\" value=\"EUR\"><input title=\"O PayPal \u00e9 a forma f\u00e1cil e segura de pagar suas compras on-line.\" alt=\"Comprar agora\" name=\"submit\" src=\"https:\/\/www.paypalobjects.com\/pt_BR\/BR\/i\/btn\/btn_paynowCC_LG.gif\" type=\"image\"><\/form>\n<\/div>\n<\/td>\n<td valign=\"top\">\n<div align=\"center\">\n<p>&nbsp;<\/p>\n<p>&nbsp;<\/p>\n<\/div>\n<\/td>\n<\/tr>\n<tr>\n<td colspan=\"4\" rowspan=\"1\" valign=\"top\">\n<div align=\"center\"><span style=\"color: #ff0000;\"><strong>PARA QUEM AINDA N\u00c3O \u00c9 NOSSO ALUNO<br \/>\n<span style=\"color: #000000;\">Promo\u00e7\u00e3o!<\/span><\/strong><\/span><br \/>\n<span style=\"color: #ff0000;\"><strong>\u20ac 390,00<\/strong><\/span><\/div>\n<div align=\"center\">\n<form action=\"https:\/\/www.paypal.com\/cgi-bin\/webscr\" method=\"post\" target=\"_top\"><input name=\"cmd\" type=\"hidden\" value=\"_s-xclick\"><input name=\"hosted_button_id\" type=\"hidden\" value=\"7E2TYXRCDF4J2\"><br \/>\n<input name=\"currency_code\" type=\"hidden\" value=\"EUR\"><input title=\"O PayPal \u00e9 a forma f\u00e1cil e segura de pagar suas compras on-line.\" alt=\"Comprar agora\" name=\"submit\" src=\"https:\/\/www.paypalobjects.com\/pt_BR\/BR\/i\/btn\/btn_paynowCC_LG.gif\" type=\"image\"><\/form>\n<\/div>\n<div align=\"center\">&nbsp;<\/div>\n<\/td>\n<td valign=\"top\">\n<div align=\"center\">\n<p>&nbsp;<\/p>\n<p>&nbsp;<\/p>\n<\/div>\n<\/td>\n<\/tr>\n<tr>\n<td valign=\"top\">&nbsp;<\/td>\n<td valign=\"top\">&nbsp;<\/td>\n<td valign=\"top\">&nbsp;<\/td>\n<td valign=\"top\">&nbsp;<\/td>\n<td valign=\"top\">&nbsp;<\/td>\n<\/tr>\n<\/tbody>\n<\/table>\n<\/div>\n<\/div>\n<p style=\"text-align: left;\">&nbsp;<\/p>\n<p style=\"text-align: left;\"><span style=\"color: #ffffff;\">cursos online de forma\u00e7\u00e3o e especializa\u00e7\u00e3o<\/span><\/p>\n","protected":false},"excerpt":{"rendered":"<p>&nbsp; ESPECIALIZA\u00c7\u00c3O ESPECIALIZA\u00c7\u00c3O EM ASTROLOGIA PSICOL\u00d3GICA ATEN\u00c7\u00c3O: A Forma\u00e7\u00e3o em Astrologia Psicol\u00f3gica \u00e9 pr\u00e9-requisito para os Cursos de Especializa\u00e7\u00e3o. Se voc\u00ea j\u00e1 possui conhecimentos e gostaria de ir direto para os Cursos de Especializa\u00e7\u00e3o, Entre em contato com o C.E.A.P<\/p>\n","protected":false},"author":1,"featured_media":0,"parent":0,"menu_order":0,"comment_status":"closed","ping_status":"closed","template":"","meta":{"ngg_post_thumbnail":0,"footnotes":""},"class_list":["post-11619","page","type-page","status-publish","hentry"],"yoast_head":"<!-- This site is optimized with the Yoast SEO plugin v27.4 - https:\/\/yoast.com\/product\/yoast-seo-wordpress\/ -->\n<title>INSCRI\u00c7\u00d5ES INTERNACIONAIS - ESPECIALIZA\u00c7\u00c3O - 2026 - C.E.A.P.<\/title>\n<meta name=\"robots\" content=\"index, follow, max-snippet:-1, max-image-preview:large, max-video-preview:-1\" \/>\n<link rel=\"canonical\" href=\"https:\/\/astroceap.com.br\/ceap\/inscricoes-internacionais-especializacao-2026\/\" \/>\n<meta property=\"og:locale\" content=\"pt_BR\" \/>\n<meta property=\"og:type\" content=\"article\" \/>\n<meta property=\"og:title\" content=\"INSCRI\u00c7\u00d5ES INTERNACIONAIS - ESPECIALIZA\u00c7\u00c3O - 2026 - C.E.A.P.\" \/>\n<meta property=\"og:description\" content=\"&nbsp; ESPECIALIZA\u00c7\u00c3O ESPECIALIZA\u00c7\u00c3O EM ASTROLOGIA PSICOL\u00d3GICA ATEN\u00c7\u00c3O: A Forma\u00e7\u00e3o em Astrologia Psicol\u00f3gica \u00e9 pr\u00e9-requisito para os Cursos de Especializa\u00e7\u00e3o. Se voc\u00ea j\u00e1 possui conhecimentos e gostaria de ir direto para os Cursos de Especializa\u00e7\u00e3o, Entre em contato com o C.E.A.P\" \/>\n<meta property=\"og:url\" content=\"https:\/\/astroceap.com.br\/ceap\/inscricoes-internacionais-especializacao-2026\/\" \/>\n<meta property=\"og:site_name\" content=\"C.E.A.P.\" \/>\n<meta property=\"article:publisher\" content=\"https:\/\/www.facebook.com\/astroceap\/\" \/>\n<meta property=\"og:image\" content=\"http:\/\/astroceap.com.br\/ceap\/wp-content\/uploads\/2019\/08\/thum_tipos.jpg\" \/>\n<meta name=\"twitter:card\" content=\"summary_large_image\" \/>\n<meta name=\"twitter:site\" content=\"@astrologiaceap\" \/>\n<meta name=\"twitter:label1\" content=\"Est. tempo de leitura\" \/>\n\t<meta name=\"twitter:data1\" content=\"3 minutos\" \/>\n<script type=\"application\/ld+json\" class=\"yoast-schema-graph\">{\"@context\":\"https:\\\/\\\/schema.org\",\"@graph\":[{\"@type\":\"WebPage\",\"@id\":\"https:\\\/\\\/astroceap.com.br\\\/ceap\\\/inscricoes-internacionais-especializacao-2026\\\/\",\"url\":\"https:\\\/\\\/astroceap.com.br\\\/ceap\\\/inscricoes-internacionais-especializacao-2026\\\/\",\"name\":\"INSCRI\u00c7\u00d5ES INTERNACIONAIS - ESPECIALIZA\u00c7\u00c3O - 2026 - C.E.A.P.\",\"isPartOf\":{\"@id\":\"https:\\\/\\\/astroceap.com.br\\\/ceap\\\/#website\"},\"primaryImageOfPage\":{\"@id\":\"https:\\\/\\\/astroceap.com.br\\\/ceap\\\/inscricoes-internacionais-especializacao-2026\\\/#primaryimage\"},\"image\":{\"@id\":\"https:\\\/\\\/astroceap.com.br\\\/ceap\\\/inscricoes-internacionais-especializacao-2026\\\/#primaryimage\"},\"thumbnailUrl\":\"http:\\\/\\\/astroceap.com.br\\\/ceap\\\/wp-content\\\/uploads\\\/2019\\\/08\\\/thum_tipos.jpg\",\"datePublished\":\"2025-12-07T21:03:34+00:00\",\"breadcrumb\":{\"@id\":\"https:\\\/\\\/astroceap.com.br\\\/ceap\\\/inscricoes-internacionais-especializacao-2026\\\/#breadcrumb\"},\"inLanguage\":\"pt-BR\",\"potentialAction\":[{\"@type\":\"ReadAction\",\"target\":[\"https:\\\/\\\/astroceap.com.br\\\/ceap\\\/inscricoes-internacionais-especializacao-2026\\\/\"]}]},{\"@type\":\"ImageObject\",\"inLanguage\":\"pt-BR\",\"@id\":\"https:\\\/\\\/astroceap.com.br\\\/ceap\\\/inscricoes-internacionais-especializacao-2026\\\/#primaryimage\",\"url\":\"http:\\\/\\\/astroceap.com.br\\\/ceap\\\/wp-content\\\/uploads\\\/2019\\\/08\\\/thum_tipos.jpg\",\"contentUrl\":\"http:\\\/\\\/astroceap.com.br\\\/ceap\\\/wp-content\\\/uploads\\\/2019\\\/08\\\/thum_tipos.jpg\"},{\"@type\":\"BreadcrumbList\",\"@id\":\"https:\\\/\\\/astroceap.com.br\\\/ceap\\\/inscricoes-internacionais-especializacao-2026\\\/#breadcrumb\",\"itemListElement\":[{\"@type\":\"ListItem\",\"position\":1,\"name\":\"In\u00edcio\",\"item\":\"https:\\\/\\\/astroceap.com.br\\\/ceap\\\/\"},{\"@type\":\"ListItem\",\"position\":2,\"name\":\"INSCRI\u00c7\u00d5ES INTERNACIONAIS &#8211; ESPECIALIZA\u00c7\u00c3O &#8211; 2026\"}]},{\"@type\":\"WebSite\",\"@id\":\"https:\\\/\\\/astroceap.com.br\\\/ceap\\\/#website\",\"url\":\"https:\\\/\\\/astroceap.com.br\\\/ceap\\\/\",\"name\":\"C.E.A.P.\",\"description\":\"Centro de Estudos de Astrologia Psicol\u00f3gica\",\"publisher\":{\"@id\":\"https:\\\/\\\/astroceap.com.br\\\/ceap\\\/#organization\"},\"potentialAction\":[{\"@type\":\"SearchAction\",\"target\":{\"@type\":\"EntryPoint\",\"urlTemplate\":\"https:\\\/\\\/astroceap.com.br\\\/ceap\\\/?s={search_term_string}\"},\"query-input\":{\"@type\":\"PropertyValueSpecification\",\"valueRequired\":true,\"valueName\":\"search_term_string\"}}],\"inLanguage\":\"pt-BR\"},{\"@type\":\"Organization\",\"@id\":\"https:\\\/\\\/astroceap.com.br\\\/ceap\\\/#organization\",\"name\":\"CEAP Centro de Estudos de Astrologia Psicol\u00f3gica\",\"url\":\"https:\\\/\\\/astroceap.com.br\\\/ceap\\\/\",\"logo\":{\"@type\":\"ImageObject\",\"inLanguage\":\"pt-BR\",\"@id\":\"https:\\\/\\\/astroceap.com.br\\\/ceap\\\/#\\\/schema\\\/logo\\\/image\\\/\",\"url\":\"http:\\\/\\\/astroceap.com.br\\\/ceap\\\/wp-content\\\/uploads\\\/2018\\\/03\\\/LOGO_CEAP_New4site.jpg\",\"contentUrl\":\"http:\\\/\\\/astroceap.com.br\\\/ceap\\\/wp-content\\\/uploads\\\/2018\\\/03\\\/LOGO_CEAP_New4site.jpg\",\"width\":140,\"height\":174,\"caption\":\"CEAP Centro de Estudos de Astrologia Psicol\u00f3gica\"},\"image\":{\"@id\":\"https:\\\/\\\/astroceap.com.br\\\/ceap\\\/#\\\/schema\\\/logo\\\/image\\\/\"},\"sameAs\":[\"https:\\\/\\\/www.facebook.com\\\/astroceap\\\/\",\"https:\\\/\\\/x.com\\\/astrologiaceap\",\"https:\\\/\\\/www.instagram.com\\\/ceap.astrologia\\\/\",\"https:\\\/\\\/www.youtube.com\\\/channel\\\/UCDsKeXx5S7f2xoPUxNpARSQ\"]}]}<\/script>\n<!-- \/ Yoast SEO plugin. -->","yoast_head_json":{"title":"INSCRI\u00c7\u00d5ES INTERNACIONAIS - ESPECIALIZA\u00c7\u00c3O - 2026 - C.E.A.P.","robots":{"index":"index","follow":"follow","max-snippet":"max-snippet:-1","max-image-preview":"max-image-preview:large","max-video-preview":"max-video-preview:-1"},"canonical":"https:\/\/astroceap.com.br\/ceap\/inscricoes-internacionais-especializacao-2026\/","og_locale":"pt_BR","og_type":"article","og_title":"INSCRI\u00c7\u00d5ES INTERNACIONAIS - ESPECIALIZA\u00c7\u00c3O - 2026 - C.E.A.P.","og_description":"&nbsp; ESPECIALIZA\u00c7\u00c3O ESPECIALIZA\u00c7\u00c3O EM ASTROLOGIA PSICOL\u00d3GICA ATEN\u00c7\u00c3O: A Forma\u00e7\u00e3o em Astrologia Psicol\u00f3gica \u00e9 pr\u00e9-requisito para os Cursos de Especializa\u00e7\u00e3o. Se voc\u00ea j\u00e1 possui conhecimentos e gostaria de ir direto para os Cursos de Especializa\u00e7\u00e3o, Entre em contato com o C.E.A.P","og_url":"https:\/\/astroceap.com.br\/ceap\/inscricoes-internacionais-especializacao-2026\/","og_site_name":"C.E.A.P.","article_publisher":"https:\/\/www.facebook.com\/astroceap\/","og_image":[{"url":"http:\/\/astroceap.com.br\/ceap\/wp-content\/uploads\/2019\/08\/thum_tipos.jpg","type":"","width":"","height":""}],"twitter_card":"summary_large_image","twitter_site":"@astrologiaceap","twitter_misc":{"Est. tempo de leitura":"3 minutos"},"schema":{"@context":"https:\/\/schema.org","@graph":[{"@type":"WebPage","@id":"https:\/\/astroceap.com.br\/ceap\/inscricoes-internacionais-especializacao-2026\/","url":"https:\/\/astroceap.com.br\/ceap\/inscricoes-internacionais-especializacao-2026\/","name":"INSCRI\u00c7\u00d5ES INTERNACIONAIS - ESPECIALIZA\u00c7\u00c3O - 2026 - C.E.A.P.","isPartOf":{"@id":"https:\/\/astroceap.com.br\/ceap\/#website"},"primaryImageOfPage":{"@id":"https:\/\/astroceap.com.br\/ceap\/inscricoes-internacionais-especializacao-2026\/#primaryimage"},"image":{"@id":"https:\/\/astroceap.com.br\/ceap\/inscricoes-internacionais-especializacao-2026\/#primaryimage"},"thumbnailUrl":"http:\/\/astroceap.com.br\/ceap\/wp-content\/uploads\/2019\/08\/thum_tipos.jpg","datePublished":"2025-12-07T21:03:34+00:00","breadcrumb":{"@id":"https:\/\/astroceap.com.br\/ceap\/inscricoes-internacionais-especializacao-2026\/#breadcrumb"},"inLanguage":"pt-BR","potentialAction":[{"@type":"ReadAction","target":["https:\/\/astroceap.com.br\/ceap\/inscricoes-internacionais-especializacao-2026\/"]}]},{"@type":"ImageObject","inLanguage":"pt-BR","@id":"https:\/\/astroceap.com.br\/ceap\/inscricoes-internacionais-especializacao-2026\/#primaryimage","url":"http:\/\/astroceap.com.br\/ceap\/wp-content\/uploads\/2019\/08\/thum_tipos.jpg","contentUrl":"http:\/\/astroceap.com.br\/ceap\/wp-content\/uploads\/2019\/08\/thum_tipos.jpg"},{"@type":"BreadcrumbList","@id":"https:\/\/astroceap.com.br\/ceap\/inscricoes-internacionais-especializacao-2026\/#breadcrumb","itemListElement":[{"@type":"ListItem","position":1,"name":"In\u00edcio","item":"https:\/\/astroceap.com.br\/ceap\/"},{"@type":"ListItem","position":2,"name":"INSCRI\u00c7\u00d5ES INTERNACIONAIS &#8211; ESPECIALIZA\u00c7\u00c3O &#8211; 2026"}]},{"@type":"WebSite","@id":"https:\/\/astroceap.com.br\/ceap\/#website","url":"https:\/\/astroceap.com.br\/ceap\/","name":"C.E.A.P.","description":"Centro de Estudos de Astrologia Psicol\u00f3gica","publisher":{"@id":"https:\/\/astroceap.com.br\/ceap\/#organization"},"potentialAction":[{"@type":"SearchAction","target":{"@type":"EntryPoint","urlTemplate":"https:\/\/astroceap.com.br\/ceap\/?s={search_term_string}"},"query-input":{"@type":"PropertyValueSpecification","valueRequired":true,"valueName":"search_term_string"}}],"inLanguage":"pt-BR"},{"@type":"Organization","@id":"https:\/\/astroceap.com.br\/ceap\/#organization","name":"CEAP Centro de Estudos de Astrologia Psicol\u00f3gica","url":"https:\/\/astroceap.com.br\/ceap\/","logo":{"@type":"ImageObject","inLanguage":"pt-BR","@id":"https:\/\/astroceap.com.br\/ceap\/#\/schema\/logo\/image\/","url":"http:\/\/astroceap.com.br\/ceap\/wp-content\/uploads\/2018\/03\/LOGO_CEAP_New4site.jpg","contentUrl":"http:\/\/astroceap.com.br\/ceap\/wp-content\/uploads\/2018\/03\/LOGO_CEAP_New4site.jpg","width":140,"height":174,"caption":"CEAP Centro de Estudos de Astrologia Psicol\u00f3gica"},"image":{"@id":"https:\/\/astroceap.com.br\/ceap\/#\/schema\/logo\/image\/"},"sameAs":["https:\/\/www.facebook.com\/astroceap\/","https:\/\/x.com\/astrologiaceap","https:\/\/www.instagram.com\/ceap.astrologia\/","https:\/\/www.youtube.com\/channel\/UCDsKeXx5S7f2xoPUxNpARSQ"]}]}},"_links":{"self":[{"href":"https:\/\/astroceap.com.br\/ceap\/wp-json\/wp\/v2\/pages\/11619","targetHints":{"allow":["GET"]}}],"collection":[{"href":"https:\/\/astroceap.com.br\/ceap\/wp-json\/wp\/v2\/pages"}],"about":[{"href":"https:\/\/astroceap.com.br\/ceap\/wp-json\/wp\/v2\/types\/page"}],"author":[{"embeddable":true,"href":"https:\/\/astroceap.com.br\/ceap\/wp-json\/wp\/v2\/users\/1"}],"replies":[{"embeddable":true,"href":"https:\/\/astroceap.com.br\/ceap\/wp-json\/wp\/v2\/comments?post=11619"}],"version-history":[{"count":4,"href":"https:\/\/astroceap.com.br\/ceap\/wp-json\/wp\/v2\/pages\/11619\/revisions"}],"predecessor-version":[{"id":11624,"href":"https:\/\/astroceap.com.br\/ceap\/wp-json\/wp\/v2\/pages\/11619\/revisions\/11624"}],"wp:attachment":[{"href":"https:\/\/astroceap.com.br\/ceap\/wp-json\/wp\/v2\/media?parent=11619"}],"curies":[{"name":"wp","href":"https:\/\/api.w.org\/{rel}","templated":true}]}}