{"id":2505,"date":"2018-05-02T14:00:17","date_gmt":"2018-05-02T17:00:17","guid":{"rendered":"http:\/\/astroceap.com.br\/ceap\/?page_id=2505"},"modified":"2024-04-09T20:38:46","modified_gmt":"2024-04-09T23:38:46","slug":"curso-tipos-psicologicos","status":"publish","type":"page","link":"https:\/\/astroceap.com.br\/ceap\/curso-tipos-psicologicos\/","title":{"rendered":"CURSO TIPOS PSICOL\u00d3GICOS"},"content":{"rendered":"<p><span style=\"color: #ffffff;\">curso online em tipos psicol\u00f3gicos<\/span><\/p>\n<h2 style=\"text-align: center;\"><strong><span style=\"color: #993300;\">CURSO<br \/>\nTIPOS PSICOL\u00d3GICOS<\/span><\/strong><\/h2>\n<p>&nbsp;<\/p>\n<p style=\"text-align: center;\"><img decoding=\"async\" class=\"alignnone size-full wp-image-3514 lazyload\" data-src=\"https:\/\/astroceap.com.br\/ceap\/wp-content\/uploads\/2019\/09\/img_tipos.jpg\" alt=\"\" width=\"640\" height=\"480\" src=\"data:image\/svg+xml;base64,PHN2ZyB3aWR0aD0iMSIgaGVpZ2h0PSIxIiB4bWxucz0iaHR0cDovL3d3dy53My5vcmcvMjAwMC9zdmciPjwvc3ZnPg==\" style=\"--smush-placeholder-width: 640px; --smush-placeholder-aspect-ratio: 640\/480;\"><\/p>\n<p style=\"text-align: left;\"><span style=\"color: #000000;\">O <strong>Curso Tipos Psicol\u00f3gicos<\/strong> engloba praticamente 02 cursos em 01 s\u00f3, pois teremos um amplo conhecimento da Tipologia Humana atrav\u00e9s da \u00f3tica da Astrologia e tamb\u00e9m da Psicologia Anal\u00edtica de Jung.<\/span><\/p>\n<p style=\"text-align: left;\"><span style=\"color: #000000;\">Por que as pessoas s\u00e3o diferentes em seu modo de agir? Este curso procura responder a essa quest\u00e3o!<\/span><\/p>\n<p style=\"text-align: left;\"><span style=\"color: #000000;\">Atrav\u00e9s dessa extensa correla\u00e7\u00e3o, aprenderemos a determinar os conhecidos Tipos Psicol\u00f3gicos e saber qual a tipologia preponderante em um Mapa Astrol\u00f3gico. E esse psicodiagn\u00f3stico nos ajudar\u00e1 a entender as diferen\u00e7as em rela\u00e7\u00e3o ao ser humano!<\/span><\/p>\n<p style=\"text-align: center;\"><iframe data-src=\"https:\/\/player.vimeo.com\/video\/357217449\" width=\"640\" height=\"564\" frameborder=\"0\" allowfullscreen=\"allowfullscreen\" src=\"data:image\/svg+xml;base64,PHN2ZyB3aWR0aD0iMSIgaGVpZ2h0PSIxIiB4bWxucz0iaHR0cDovL3d3dy53My5vcmcvMjAwMC9zdmciPjwvc3ZnPg==\" class=\"lazyload\" data-load-mode=\"1\"><\/iframe><\/p>\n<p style=\"text-align: center;\"><button translate=\"no\" class=\"btg-button btg-button-9\" data-btnid=\"9\" data-url=\"https:\/\/astroceap.com.br\/ceap\/inscricoes-cursos-online#inscr_especializ\" data-action=\"link\" data-target=\"_self\">INSCREVA-SE !<\/button><\/p>\n<p>&nbsp;<\/p>\n<p style=\"padding-left: 30px;\"><span style=\"color: #333333;\"><strong>Este curso conta com:<\/strong><br \/>\n<strong><br \/>\n<span style=\"color: #ff0000;\">06 aulas \/ 06 v\u00eddeos =&nbsp; 248 min de v\u00eddeo-aulas ( 04 h&nbsp; )<\/span><\/strong><br \/>\n<span style=\"color: #ff0000;\"><strong>21 mapas com exemplos pr\u00e1ticos<\/strong><\/span><br \/>\n<span style=\"color: #ff0000;\"><strong>01 apostila com 64 p\u00e1gs ( em formato .pdf )<\/strong>&nbsp;<\/span><\/span><\/p>\n<p style=\"padding-left: 30px;\"><strong><span style=\"color: #333333;\">Ao completar os 03 Cursos de Especializa\u00e7\u00e3o,&nbsp; voc\u00ea recebe o<\/span> <span style=\"color: #800000;\">Diploma Internacional de Especializa\u00e7\u00e3o do C.E.A.P.<\/span> <span style=\"color: #333333;\">com<\/span> o <span style=\"color: #000000;\">reconhecimento do ISAR, constando as 120 h cursadas.<\/span><\/strong><\/p>\n<p style=\"padding-left: 30px;\"><span style=\"color: #800000;\"><strong>DESCRITIVO DO CURSO<\/strong><\/span><\/p>\n<p style=\"padding-left: 30px;\"><span style=\"color: #000000;\">Quando entramos em contato com um Mapa Natal, a primeira coisa a ser vista \u00e9 de que elemento aquela determinada pessoa \u00e9 \u201cfeita\u201d astrologicamente. Muito al\u00e9m de uma simples an\u00e1lise, este curso nos possibilitar\u00e1 um amplo conhecimento da Tipologia Humana, vista tanto pela \u00f3tica da Astrologia como da Psicologia Anal\u00edtica.<\/span><\/p>\n<p style=\"padding-left: 30px;\"><span style=\"color: #333333;\"><br \/>\n<\/span><span style=\"color: #800000;\"><strong>A QUEM SE DESTINA<\/strong><\/span><\/p>\n<p style=\"padding-left: 30px;\"><span style=\"color: #000000;\">Destinado \u00e0s pessoas em geral ou a psic\u00f3logos, estudantes de Psicologia, terapeutas hol\u00edsticos, profissionais de coaching ou quaisquer outras \u00e1reas que queiram agregar um outro instrumento de conhecimento da personalidade humana.<br \/>\nNecess\u00e1rio conhecimento pr\u00e9vio de Forma\u00e7\u00e3o do B\u00e1sico e Intermedi\u00e1rio em Astrologia.<\/span><\/p>\n<p>&nbsp;<\/p>\n<p class=\"p1\"><strong><span class=\"s1\" style=\"color: #993300;\">&nbsp;&nbsp;&nbsp;&nbsp;&nbsp;&nbsp; CONTE\u00daDO PROGRAM\u00c1TICO<br \/>\n<\/span><\/strong><\/p>\n<p class=\"p1\"><span class=\"s1\">&nbsp;&nbsp;&nbsp;<span style=\"color: #000000;\"> &nbsp; 1) Tipos Psicol\u00f3gicos \/ defini\u00e7\u00e3o e considera\u00e7\u00f5es<br \/>\n<\/span><\/span><span style=\"color: #000000;\"><span class=\"s1\">&nbsp;&nbsp;&nbsp;&nbsp;&nbsp; 2) Assinatura Astrol\u00f3gica<br \/>\n<\/span><span class=\"s1\">&nbsp;&nbsp; &nbsp; 3) Fun\u00e7\u00f5es Racionais e Irracionais \/ Superior e Inferior<br \/>\n<\/span><span class=\"s1\">&nbsp;&nbsp; &nbsp; 4) Fun\u00e7\u00f5es Intui\u00e7\u00e3o e Sensa\u00e7\u00e3o<br \/>\n<\/span><span class=\"s1\">&nbsp;&nbsp; &nbsp; 5) Elementos \u2013 qualidades primitivas<br \/>\n<\/span><span class=\"s1\">&nbsp;&nbsp; &nbsp; 6) Elementos \/ Astrologia<br \/>\n<\/span><span class=\"s1\">&nbsp;&nbsp; &nbsp; 7) Fun\u00e7\u00f5es Pensamento e Sentimento<br \/>\n<\/span><span class=\"s1\">&nbsp;&nbsp; &nbsp; 8) Os pares de elementos<\/span><\/span><\/p>\n<p>&nbsp;<br \/>\n<span class=\"s1\">&nbsp;&nbsp; &nbsp; <button translate=\"no\" class=\"btg-button btg-button-9\" data-btnid=\"9\" data-url=\"https:\/\/astroceap.com.br\/ceap\/inscricoes-cursos-online#inscr_especializ\" data-action=\"link\" data-target=\"_self\">INSCREVA-SE !<\/button><\/span><\/p>\n<p>&nbsp;<\/p>\n<p style=\"text-align: center;\"><a href=\"https:\/\/astroceap.com.br\/ceap\/inscricoes-cursos-online\/\">INSCREVA-SE<\/a><\/p>\n<p style=\"text-align: center;\"><a href=\"https:\/\/www.astro.com\/astrowiki\/en\/Main_Page\">QUER SABER MAIS SOBRE ASTROLOGIA? CLIQUE AQUI<\/a><\/p>\n<p><span style=\"color: #ffffff;\">curso online em tipos psicol\u00f3gicos<\/span><\/p>\n","protected":false},"excerpt":{"rendered":"<p>curso online em tipos psicol\u00f3gicos CURSO TIPOS PSICOL\u00d3GICOS &nbsp; O Curso Tipos Psicol\u00f3gicos engloba praticamente 02 cursos em 01 s\u00f3, pois teremos um amplo conhecimento da Tipologia Humana atrav\u00e9s da \u00f3tica da Astrologia e tamb\u00e9m da Psicologia Anal\u00edtica de Jung.<\/p>\n","protected":false},"author":1,"featured_media":0,"parent":0,"menu_order":0,"comment_status":"closed","ping_status":"closed","template":"","meta":{"ngg_post_thumbnail":0,"footnotes":""},"class_list":["post-2505","page","type-page","status-publish","hentry"],"yoast_head":"<!-- This site is optimized with the Yoast SEO plugin v27.4 - https:\/\/yoast.com\/product\/yoast-seo-wordpress\/ -->\n<title>C.E.A.P. Curso online astrologia de tipos psicol\u00f3gicos<\/title>\n<meta name=\"description\" content=\"Curso online em Tipos Psicol\u00f3gicos proporciona o conhecimento da Tipologia Humana por meio da Astrologia e da Psicologia Anal\u00edtica de Jung.\" \/>\n<meta name=\"robots\" content=\"index, follow, max-snippet:-1, max-image-preview:large, max-video-preview:-1\" \/>\n<link rel=\"canonical\" href=\"https:\/\/astroceap.com.br\/ceap\/curso-tipos-psicologicos\/\" \/>\n<meta property=\"og:locale\" content=\"pt_BR\" \/>\n<meta property=\"og:type\" content=\"article\" \/>\n<meta property=\"og:title\" content=\"C.E.A.P. Curso online astrologia de tipos psicol\u00f3gicos\" \/>\n<meta property=\"og:description\" content=\"Curso online em Tipos Psicol\u00f3gicos proporciona o conhecimento da Tipologia Humana por meio da Astrologia e da Psicologia Anal\u00edtica de Jung.\" \/>\n<meta property=\"og:url\" content=\"https:\/\/astroceap.com.br\/ceap\/curso-tipos-psicologicos\/\" \/>\n<meta property=\"og:site_name\" content=\"C.E.A.P.\" \/>\n<meta property=\"article:publisher\" content=\"https:\/\/www.facebook.com\/astroceap\/\" \/>\n<meta property=\"article:modified_time\" content=\"2024-04-09T23:38:46+00:00\" \/>\n<meta property=\"og:image\" content=\"http:\/\/astroceap.com.br\/ceap\/wp-content\/uploads\/2019\/09\/img_tipos.jpg\" \/>\n<meta name=\"twitter:card\" content=\"summary_large_image\" \/>\n<meta name=\"twitter:site\" content=\"@astrologiaceap\" \/>\n<meta name=\"twitter:label1\" content=\"Est. tempo de leitura\" \/>\n\t<meta name=\"twitter:data1\" content=\"2 minutos\" \/>\n<script type=\"application\/ld+json\" class=\"yoast-schema-graph\">{\"@context\":\"https:\\\/\\\/schema.org\",\"@graph\":[{\"@type\":\"WebPage\",\"@id\":\"https:\\\/\\\/astroceap.com.br\\\/ceap\\\/curso-tipos-psicologicos\\\/\",\"url\":\"https:\\\/\\\/astroceap.com.br\\\/ceap\\\/curso-tipos-psicologicos\\\/\",\"name\":\"C.E.A.P. Curso online astrologia de tipos psicol\u00f3gicos\",\"isPartOf\":{\"@id\":\"https:\\\/\\\/astroceap.com.br\\\/ceap\\\/#website\"},\"primaryImageOfPage\":{\"@id\":\"https:\\\/\\\/astroceap.com.br\\\/ceap\\\/curso-tipos-psicologicos\\\/#primaryimage\"},\"image\":{\"@id\":\"https:\\\/\\\/astroceap.com.br\\\/ceap\\\/curso-tipos-psicologicos\\\/#primaryimage\"},\"thumbnailUrl\":\"http:\\\/\\\/astroceap.com.br\\\/ceap\\\/wp-content\\\/uploads\\\/2019\\\/09\\\/img_tipos.jpg\",\"datePublished\":\"2018-05-02T17:00:17+00:00\",\"dateModified\":\"2024-04-09T23:38:46+00:00\",\"description\":\"Curso online em Tipos Psicol\u00f3gicos proporciona o conhecimento da Tipologia Humana por meio da Astrologia e da Psicologia Anal\u00edtica de Jung.\",\"breadcrumb\":{\"@id\":\"https:\\\/\\\/astroceap.com.br\\\/ceap\\\/curso-tipos-psicologicos\\\/#breadcrumb\"},\"inLanguage\":\"pt-BR\",\"potentialAction\":[{\"@type\":\"ReadAction\",\"target\":[\"https:\\\/\\\/astroceap.com.br\\\/ceap\\\/curso-tipos-psicologicos\\\/\"]}]},{\"@type\":\"ImageObject\",\"inLanguage\":\"pt-BR\",\"@id\":\"https:\\\/\\\/astroceap.com.br\\\/ceap\\\/curso-tipos-psicologicos\\\/#primaryimage\",\"url\":\"http:\\\/\\\/astroceap.com.br\\\/ceap\\\/wp-content\\\/uploads\\\/2019\\\/09\\\/img_tipos.jpg\",\"contentUrl\":\"http:\\\/\\\/astroceap.com.br\\\/ceap\\\/wp-content\\\/uploads\\\/2019\\\/09\\\/img_tipos.jpg\"},{\"@type\":\"BreadcrumbList\",\"@id\":\"https:\\\/\\\/astroceap.com.br\\\/ceap\\\/curso-tipos-psicologicos\\\/#breadcrumb\",\"itemListElement\":[{\"@type\":\"ListItem\",\"position\":1,\"name\":\"In\u00edcio\",\"item\":\"https:\\\/\\\/astroceap.com.br\\\/ceap\\\/\"},{\"@type\":\"ListItem\",\"position\":2,\"name\":\"CURSO TIPOS PSICOL\u00d3GICOS\"}]},{\"@type\":\"WebSite\",\"@id\":\"https:\\\/\\\/astroceap.com.br\\\/ceap\\\/#website\",\"url\":\"https:\\\/\\\/astroceap.com.br\\\/ceap\\\/\",\"name\":\"C.E.A.P.\",\"description\":\"Centro de Estudos de Astrologia Psicol\u00f3gica\",\"publisher\":{\"@id\":\"https:\\\/\\\/astroceap.com.br\\\/ceap\\\/#organization\"},\"potentialAction\":[{\"@type\":\"SearchAction\",\"target\":{\"@type\":\"EntryPoint\",\"urlTemplate\":\"https:\\\/\\\/astroceap.com.br\\\/ceap\\\/?s={search_term_string}\"},\"query-input\":{\"@type\":\"PropertyValueSpecification\",\"valueRequired\":true,\"valueName\":\"search_term_string\"}}],\"inLanguage\":\"pt-BR\"},{\"@type\":\"Organization\",\"@id\":\"https:\\\/\\\/astroceap.com.br\\\/ceap\\\/#organization\",\"name\":\"CEAP Centro de Estudos de Astrologia Psicol\u00f3gica\",\"url\":\"https:\\\/\\\/astroceap.com.br\\\/ceap\\\/\",\"logo\":{\"@type\":\"ImageObject\",\"inLanguage\":\"pt-BR\",\"@id\":\"https:\\\/\\\/astroceap.com.br\\\/ceap\\\/#\\\/schema\\\/logo\\\/image\\\/\",\"url\":\"http:\\\/\\\/astroceap.com.br\\\/ceap\\\/wp-content\\\/uploads\\\/2018\\\/03\\\/LOGO_CEAP_New4site.jpg\",\"contentUrl\":\"http:\\\/\\\/astroceap.com.br\\\/ceap\\\/wp-content\\\/uploads\\\/2018\\\/03\\\/LOGO_CEAP_New4site.jpg\",\"width\":140,\"height\":174,\"caption\":\"CEAP Centro de Estudos de Astrologia Psicol\u00f3gica\"},\"image\":{\"@id\":\"https:\\\/\\\/astroceap.com.br\\\/ceap\\\/#\\\/schema\\\/logo\\\/image\\\/\"},\"sameAs\":[\"https:\\\/\\\/www.facebook.com\\\/astroceap\\\/\",\"https:\\\/\\\/x.com\\\/astrologiaceap\",\"https:\\\/\\\/www.instagram.com\\\/ceap.astrologia\\\/\",\"https:\\\/\\\/www.youtube.com\\\/channel\\\/UCDsKeXx5S7f2xoPUxNpARSQ\"]}]}<\/script>\n<!-- \/ Yoast SEO plugin. -->","yoast_head_json":{"title":"C.E.A.P. Curso online astrologia de tipos psicol\u00f3gicos","description":"Curso online em Tipos Psicol\u00f3gicos proporciona o conhecimento da Tipologia Humana por meio da Astrologia e da Psicologia Anal\u00edtica de Jung.","robots":{"index":"index","follow":"follow","max-snippet":"max-snippet:-1","max-image-preview":"max-image-preview:large","max-video-preview":"max-video-preview:-1"},"canonical":"https:\/\/astroceap.com.br\/ceap\/curso-tipos-psicologicos\/","og_locale":"pt_BR","og_type":"article","og_title":"C.E.A.P. Curso online astrologia de tipos psicol\u00f3gicos","og_description":"Curso online em Tipos Psicol\u00f3gicos proporciona o conhecimento da Tipologia Humana por meio da Astrologia e da Psicologia Anal\u00edtica de Jung.","og_url":"https:\/\/astroceap.com.br\/ceap\/curso-tipos-psicologicos\/","og_site_name":"C.E.A.P.","article_publisher":"https:\/\/www.facebook.com\/astroceap\/","article_modified_time":"2024-04-09T23:38:46+00:00","og_image":[{"url":"http:\/\/astroceap.com.br\/ceap\/wp-content\/uploads\/2019\/09\/img_tipos.jpg","type":"","width":"","height":""}],"twitter_card":"summary_large_image","twitter_site":"@astrologiaceap","twitter_misc":{"Est. tempo de leitura":"2 minutos"},"schema":{"@context":"https:\/\/schema.org","@graph":[{"@type":"WebPage","@id":"https:\/\/astroceap.com.br\/ceap\/curso-tipos-psicologicos\/","url":"https:\/\/astroceap.com.br\/ceap\/curso-tipos-psicologicos\/","name":"C.E.A.P. Curso online astrologia de tipos psicol\u00f3gicos","isPartOf":{"@id":"https:\/\/astroceap.com.br\/ceap\/#website"},"primaryImageOfPage":{"@id":"https:\/\/astroceap.com.br\/ceap\/curso-tipos-psicologicos\/#primaryimage"},"image":{"@id":"https:\/\/astroceap.com.br\/ceap\/curso-tipos-psicologicos\/#primaryimage"},"thumbnailUrl":"http:\/\/astroceap.com.br\/ceap\/wp-content\/uploads\/2019\/09\/img_tipos.jpg","datePublished":"2018-05-02T17:00:17+00:00","dateModified":"2024-04-09T23:38:46+00:00","description":"Curso online em Tipos Psicol\u00f3gicos proporciona o conhecimento da Tipologia Humana por meio da Astrologia e da Psicologia Anal\u00edtica de Jung.","breadcrumb":{"@id":"https:\/\/astroceap.com.br\/ceap\/curso-tipos-psicologicos\/#breadcrumb"},"inLanguage":"pt-BR","potentialAction":[{"@type":"ReadAction","target":["https:\/\/astroceap.com.br\/ceap\/curso-tipos-psicologicos\/"]}]},{"@type":"ImageObject","inLanguage":"pt-BR","@id":"https:\/\/astroceap.com.br\/ceap\/curso-tipos-psicologicos\/#primaryimage","url":"http:\/\/astroceap.com.br\/ceap\/wp-content\/uploads\/2019\/09\/img_tipos.jpg","contentUrl":"http:\/\/astroceap.com.br\/ceap\/wp-content\/uploads\/2019\/09\/img_tipos.jpg"},{"@type":"BreadcrumbList","@id":"https:\/\/astroceap.com.br\/ceap\/curso-tipos-psicologicos\/#breadcrumb","itemListElement":[{"@type":"ListItem","position":1,"name":"In\u00edcio","item":"https:\/\/astroceap.com.br\/ceap\/"},{"@type":"ListItem","position":2,"name":"CURSO TIPOS PSICOL\u00d3GICOS"}]},{"@type":"WebSite","@id":"https:\/\/astroceap.com.br\/ceap\/#website","url":"https:\/\/astroceap.com.br\/ceap\/","name":"C.E.A.P.","description":"Centro de Estudos de Astrologia Psicol\u00f3gica","publisher":{"@id":"https:\/\/astroceap.com.br\/ceap\/#organization"},"potentialAction":[{"@type":"SearchAction","target":{"@type":"EntryPoint","urlTemplate":"https:\/\/astroceap.com.br\/ceap\/?s={search_term_string}"},"query-input":{"@type":"PropertyValueSpecification","valueRequired":true,"valueName":"search_term_string"}}],"inLanguage":"pt-BR"},{"@type":"Organization","@id":"https:\/\/astroceap.com.br\/ceap\/#organization","name":"CEAP Centro de Estudos de Astrologia Psicol\u00f3gica","url":"https:\/\/astroceap.com.br\/ceap\/","logo":{"@type":"ImageObject","inLanguage":"pt-BR","@id":"https:\/\/astroceap.com.br\/ceap\/#\/schema\/logo\/image\/","url":"http:\/\/astroceap.com.br\/ceap\/wp-content\/uploads\/2018\/03\/LOGO_CEAP_New4site.jpg","contentUrl":"http:\/\/astroceap.com.br\/ceap\/wp-content\/uploads\/2018\/03\/LOGO_CEAP_New4site.jpg","width":140,"height":174,"caption":"CEAP Centro de Estudos de Astrologia Psicol\u00f3gica"},"image":{"@id":"https:\/\/astroceap.com.br\/ceap\/#\/schema\/logo\/image\/"},"sameAs":["https:\/\/www.facebook.com\/astroceap\/","https:\/\/x.com\/astrologiaceap","https:\/\/www.instagram.com\/ceap.astrologia\/","https:\/\/www.youtube.com\/channel\/UCDsKeXx5S7f2xoPUxNpARSQ"]}]}},"_links":{"self":[{"href":"https:\/\/astroceap.com.br\/ceap\/wp-json\/wp\/v2\/pages\/2505","targetHints":{"allow":["GET"]}}],"collection":[{"href":"https:\/\/astroceap.com.br\/ceap\/wp-json\/wp\/v2\/pages"}],"about":[{"href":"https:\/\/astroceap.com.br\/ceap\/wp-json\/wp\/v2\/types\/page"}],"author":[{"embeddable":true,"href":"https:\/\/astroceap.com.br\/ceap\/wp-json\/wp\/v2\/users\/1"}],"replies":[{"embeddable":true,"href":"https:\/\/astroceap.com.br\/ceap\/wp-json\/wp\/v2\/comments?post=2505"}],"version-history":[{"count":43,"href":"https:\/\/astroceap.com.br\/ceap\/wp-json\/wp\/v2\/pages\/2505\/revisions"}],"predecessor-version":[{"id":10286,"href":"https:\/\/astroceap.com.br\/ceap\/wp-json\/wp\/v2\/pages\/2505\/revisions\/10286"}],"wp:attachment":[{"href":"https:\/\/astroceap.com.br\/ceap\/wp-json\/wp\/v2\/media?parent=2505"}],"curies":[{"name":"wp","href":"https:\/\/api.w.org\/{rel}","templated":true}]}}