{"id":473,"date":"2017-12-10T00:08:18","date_gmt":"2017-12-10T02:08:18","guid":{"rendered":"http:\/\/astroceap.com.br\/ceap\/?page_id=473"},"modified":"2025-12-26T20:01:29","modified_gmt":"2025-12-26T23:01:29","slug":"atendimentos","status":"publish","type":"page","link":"https:\/\/astroceap.com.br\/ceap\/atendimentos\/","title":{"rendered":"ATENDIMENTOS &#8211; Astrologia Psicol\u00f3gica, Previs\u00f5es, An\u00e1lise Vocacional e Sinastria"},"content":{"rendered":"<p><span style=\"color: #ffffff;\">atendimento em astrologia psicol\u00f3gica<\/span><\/p>\n<h2 id=\"mapa\" style=\"text-align: center;\"><span style=\"color: #993300;\"><strong>Atendimentos em Astrologia Psicol\u00f3gica<\/strong><\/span><\/h2>\n<p style=\"text-align: center;\"><iframe data-src=\"https:\/\/player.vimeo.com\/video\/357956881\" width=\"640\" height=\"360\" frameborder=\"0\" allowfullscreen=\"allowfullscreen\" src=\"data:image\/svg+xml;base64,PHN2ZyB3aWR0aD0iMSIgaGVpZ2h0PSIxIiB4bWxucz0iaHR0cDovL3d3dy53My5vcmcvMjAwMC9zdmciPjwvc3ZnPg==\" class=\"lazyload\" data-load-mode=\"1\"><\/iframe><\/p>\n<h2 style=\"text-align: center;\"><span style=\"color: #993300;\"><strong>Mapa Natal \u25aa\ufe0e Previs\u00f5es \u25aa\ufe0e Sinastria \u25aa\ufe0e Vocacional<\/strong><\/span><\/h2>\n<p style=\"text-align: center;\"><span style=\"color: #000000;\">Se quiser fazer seu <strong>Mapa<\/strong>, entre em <a href=\"https:\/\/astrologiaceap.com.br\/contato\"><strong>contato<\/strong><\/a><\/span><\/p>\n<p><span style=\"color: #000000;\">A criadora do C.E.A.P., M\u00e1rcia Ferreira, \u00e9 psicanalista e astr\u00f3loga, com mais de 40 anos de experi\u00eancia. Apaixonada pela integra\u00e7\u00e3o entre estes dois campos, vem transmitindo esse riqu\u00edssimo conhecimento que une o conhecimento milenar da Astrologia e os profundos insights da Psicologia Anal\u00edtica, da Psican\u00e1lise e da Mitologia para centenas de alunos, h\u00e1 muitos anos.<\/span><\/p>\n<p><span style=\"color: #000000;\">J\u00e1 atendeu centenas de pessoas na leitura de mapas, onde utiliza o aprofundamento da Psicologia, procurando assim trazer ferramentas para que a pessoa possa seguir em frente de forma melhor e mais empoderada de si-mesm@, com consci\u00eancia e crescimento. \u2028Sente toda essa forma trabalho como sendo a sua miss\u00e3o de vida!<\/span><\/p>\n<p><span style=\"color: #000000;\"><img decoding=\"async\" class=\"alignnone wp-image-883 alignleft lazyload\" data-src=\"https:\/\/astroceap.com.br\/ceap\/wp-content\/uploads\/2018\/03\/FOTO-JUNG-300x287.jpg\" alt=\"\" width=\"230\" height=\"220\" data-srcset=\"https:\/\/astroceap.com.br\/ceap\/wp-content\/uploads\/2018\/03\/FOTO-JUNG-300x287.jpg 300w, https:\/\/astroceap.com.br\/ceap\/wp-content\/uploads\/2018\/03\/FOTO-JUNG-768x734.jpg 768w, https:\/\/astroceap.com.br\/ceap\/wp-content\/uploads\/2018\/03\/FOTO-JUNG.jpg 1024w\" data-sizes=\"(max-width: 230px) 100vw, 230px\" src=\"data:image\/svg+xml;base64,PHN2ZyB3aWR0aD0iMSIgaGVpZ2h0PSIxIiB4bWxucz0iaHR0cDovL3d3dy53My5vcmcvMjAwMC9zdmciPjwvc3ZnPg==\" style=\"--smush-placeholder-width: 230px; --smush-placeholder-aspect-ratio: 230\/220;\" \/>Sua clientela foi se formando ao longo do tempo e comp\u00f5e-se basicamente de pessoas que buscam uma compreens\u00e3o que vai um pouco al\u00e9m do foco com mais prioridade na compreens\u00e3o dos eventos externos.<\/span><\/p>\n<p><em><span style=\"color: #000000;\">&#8220;Ao longo do tempo fui percebendo que os clientes em geral est\u00e3o buscando compreens\u00f5es internas para suas quest\u00f5es de vida e insights e em como tirar maior proveito de suas potencialidades ps\u00edquicas, mais do que j\u00e1 quererem respostas prontas para seus problemas, pois dessa forma, conforme vamos caminhando na leitura, aprendem a gerenciar melhor seus impulsos, tend\u00eancias e conflitos. Com isso ampliamos as possibilidades de respostas para determinadas situa\u00e7\u00f5es e descobrimos juntos novas maneiras de lidar com alguns problemas, o que faz toda a diferen\u00e7a no direcionamento de vida.&#8221;<\/span><\/em><\/p>\n<p><span style=\"color: #000000;\">Com isso, a possibilidade de insights e de compreens\u00e3o dos processos fica muito mais aprofundada. Voc\u00ea se reconhece nesses processos, participa, entra em contato com emo\u00e7\u00f5es que possam at\u00e9 ent\u00e3o estar sendo negligenciadas e fora do alcance da consci\u00eancia, e isso tudo traz uma ajuda muito mais eficaz, que vai muito al\u00e9m de um mero aconselhamento sobre o que a pessoa deva fazer em determinado momento. Quando a expectativa do cliente \u00e9 somente a de que o astr\u00f3logo diga a ele o que ele deva fazer, as solu\u00e7\u00f5es s\u00e3o sempre tempor\u00e1rias.<\/span><\/p>\n<p><span style=\"color: #000000;\">Todos esses insights podem caminhar em paralelo com an\u00e1lises e outras formas de terapia, criando assim uma sinergia muito importante, pois os insights que a&nbsp;Astrologia Psicol\u00f3gica propicia, aceleram os processos terap\u00eauticos.<\/span><\/p>\n<p><span style=\"color: #000000;\">Podemos dizer que o ponto fundamental do atendimento na Astrologia Psicol\u00f3gica \u00e9 o de uma rela\u00e7\u00e3o horizontal, onde astr\u00f3logo e cliente caminham juntos com co-participa\u00e7\u00e3o nesse desvendamento e na possibilidade de insights, e n\u00e3o o de uma rela\u00e7\u00e3o vertical,<\/span><\/p>\n<p><span style=\"color: #000000;\"><img decoding=\"async\" class=\"alignleft wp-image-884 lazyload\" data-src=\"https:\/\/astroceap.com.br\/ceap\/wp-content\/uploads\/2018\/03\/IMAGE-ESQUEMA-DA-PSIQUE-2-co\u0301pia-300x283.png\" alt=\"atendimento em astrologia psicol\u00f3gica\" width=\"259\" height=\"244\" data-srcset=\"https:\/\/astroceap.com.br\/ceap\/wp-content\/uploads\/2018\/03\/IMAGE-ESQUEMA-DA-PSIQUE-2-co\u0301pia-300x283.png 300w, https:\/\/astroceap.com.br\/ceap\/wp-content\/uploads\/2018\/03\/IMAGE-ESQUEMA-DA-PSIQUE-2-co\u0301pia.png 381w\" data-sizes=\"(max-width: 259px) 100vw, 259px\" src=\"data:image\/svg+xml;base64,PHN2ZyB3aWR0aD0iMSIgaGVpZ2h0PSIxIiB4bWxucz0iaHR0cDovL3d3dy53My5vcmcvMjAwMC9zdmciPjwvc3ZnPg==\" style=\"--smush-placeholder-width: 259px; --smush-placeholder-aspect-ratio: 259\/244;\" \/>onde o astr\u00f3logo instala-se numa posi\u00e7\u00e3o onipotente de &#8220;adivinho do porvir&#8221; do cliente, colocando este \u00faltimo numa situa\u00e7\u00e3o infantilizada e n\u00e3o participativa em seu pr\u00f3prio processo. O envolvimento do cliente, com responsabilidade pelo seu mundo interno, \u00e9 condi\u00e7\u00e3o sine qua non para que as mudan\u00e7as desejadas ocorram, de dentro para fora, pois somente assim estas mudan\u00e7as ser\u00e3o duradouras e eficazes.<\/span><\/p>\n<p>&nbsp;<\/p>\n<p>&nbsp;<\/p>\n<p>&nbsp;<\/p>\n<h2>&nbsp;<\/h2>\n<h2 id=\"vocacional\" style=\"text-align: center;\"><span style=\"color: #993300;\"><strong>An\u00e1lise Vocacional<\/strong><\/span><\/h2>\n<h2><img decoding=\"async\" class=\"wp-image-9811 alignright lazyload\" style=\"--smush-placeholder-width: 387px; --smush-placeholder-aspect-ratio: 387\/275;font-size: 16px; font-weight: 400; color: #000000;\" data-src=\"https:\/\/astroceap.com.br\/ceap\/wp-content\/uploads\/2023\/12\/atendimentos_diploma_10-1024x726_blur-300x213.png\" alt=\"\" width=\"387\" height=\"275\" data-srcset=\"https:\/\/astroceap.com.br\/ceap\/wp-content\/uploads\/2023\/12\/atendimentos_diploma_10-1024x726_blur-300x213.png 300w, https:\/\/astroceap.com.br\/ceap\/wp-content\/uploads\/2023\/12\/atendimentos_diploma_10-1024x726_blur-768x545.png 768w, https:\/\/astroceap.com.br\/ceap\/wp-content\/uploads\/2023\/12\/atendimentos_diploma_10-1024x726_blur.png 1024w\" data-sizes=\"(max-width: 387px) 100vw, 387px\" src=\"data:image\/svg+xml;base64,PHN2ZyB3aWR0aD0iMSIgaGVpZ2h0PSIxIiB4bWxucz0iaHR0cDovL3d3dy53My5vcmcvMjAwMC9zdmciPjwvc3ZnPg==\" \/><\/h2>\n<p><span style=\"color: #000000;\">A an\u00e1lise vocacional faz a uni\u00e3o dos 02 caminhos: o da Astrologia Psicol\u00f3gica e o da Psicologia, utilizando-se de todo o protocolo habitual, tal qual \u00e9 utilizado em an\u00e1lise vocacional pelos psic\u00f3logos.<\/span><\/p>\n<p>&nbsp;<\/p>\n<p>&nbsp;<\/p>\n<p>&nbsp;<\/p>\n<p>&nbsp;<\/p>\n<p>&nbsp;<\/p>\n<p><img decoding=\"async\" class=\"size-medium wp-image-9812 alignleft lazyload\" data-src=\"https:\/\/astroceap.com.br\/ceap\/wp-content\/uploads\/2023\/12\/atendimentos_diploma_9_blur-300x217.png\" alt=\"\" width=\"300\" height=\"217\" data-srcset=\"https:\/\/astroceap.com.br\/ceap\/wp-content\/uploads\/2023\/12\/atendimentos_diploma_9_blur-300x217.png 300w, https:\/\/astroceap.com.br\/ceap\/wp-content\/uploads\/2023\/12\/atendimentos_diploma_9_blur-768x555.png 768w, https:\/\/astroceap.com.br\/ceap\/wp-content\/uploads\/2023\/12\/atendimentos_diploma_9_blur.png 973w\" data-sizes=\"(max-width: 300px) 100vw, 300px\" src=\"data:image\/svg+xml;base64,PHN2ZyB3aWR0aD0iMSIgaGVpZ2h0PSIxIiB4bWxucz0iaHR0cDovL3d3dy53My5vcmcvMjAwMC9zdmciPjwvc3ZnPg==\" style=\"--smush-placeholder-width: 300px; --smush-placeholder-aspect-ratio: 300\/217;\" \/><\/p>\n<p><span style=\"color: #000000;\">Dessa forma, o Mapa Natal nos mostra as potencialidades inatas com seus conflitos e possibilidades, as quais estar\u00e3o atualizadas nos dias de hoje e t\u00e3o bem assinaladas pelos testes psicol\u00f3gicos e por todo o processo de intera\u00e7\u00e3o com o avaliador.<\/span><\/p>\n<p>&nbsp;<\/p>\n<p>&nbsp;<\/p>\n<p>&nbsp;<\/p>\n<h2>&nbsp;<\/h2>\n<h2 id=\"previsoes\" style=\"text-align: center;\"><span style=\"color: #993300;\"><strong>Previs\u00f5es<a class=\"thickbox\" href=\"https:\/\/astroceap.com.br\/ceap\/wp-admin\/media-upload.php?post_id=473&amp;type=image&amp;TB_iframe=1\" aria-describedby=\"set-post-thumbnail-desc\"><img decoding=\"async\" class=\"attachment-266x266 alignright lazyload\" data-src=\"https:\/\/astroceap.com.br\/ceap\/wp-content\/uploads\/2023\/12\/zodiaco-330x330.jpg\" data-sizes=\"(max-width: 266px) 100vw, 266px\" data-srcset=\"https:\/\/astroceap.com.br\/ceap\/wp-content\/uploads\/2023\/12\/zodiaco-330x330.jpg 330w, https:\/\/astroceap.com.br\/ceap\/wp-content\/uploads\/2023\/12\/zodiaco-150x150.jpg 150w, https:\/\/astroceap.com.br\/ceap\/wp-content\/uploads\/2023\/12\/zodiaco-230x230.jpg 230w\" alt=\"\" width=\"339\" height=\"339\" src=\"data:image\/svg+xml;base64,PHN2ZyB3aWR0aD0iMSIgaGVpZ2h0PSIxIiB4bWxucz0iaHR0cDovL3d3dy53My5vcmcvMjAwMC9zdmciPjwvc3ZnPg==\" style=\"--smush-placeholder-width: 339px; --smush-placeholder-aspect-ratio: 339\/339;\"><\/a><\/strong><\/span><\/h2>\n<p><span style=\"color: #000000;\">Atrav\u00e9s da correla\u00e7\u00e3o entre o Micro e o Macro Cosmos, estamos alinhados com os movimentos celestes. Portanto, desde o nascimento de uma pessoa, o Mapa n\u00e3o ficou parado, est\u00e1tico, mas sim, tudo est\u00e1 em movimento cont\u00ednuo. Por isso fazemos as Previs\u00f5es e a Revolu\u00e7\u00e3o Solar, que atualiza determinado mapa para o momento presente. Simbolicamente podemos entender que cada anivers\u00e1rio seja como um novo nascimento e ent\u00e3o tudo o que o mapa da Revolu\u00e7\u00e3o Solar mostrar ser\u00e1 importante para aquele ano em quest\u00e3o.<\/span><br \/>\n<span style=\"color: #000000;\">Conjugamos tamb\u00e9m os Ciclos Planet\u00e1rios e v\u00e1rias outras t\u00e9cnicas para poder trazer para voc\u00ea a an\u00e1lise mais completa de como voc\u00ea poder\u00e1 desenvolver sua melhor potencialidade no momento presente.<\/span><\/p>\n<h2><span style=\"color: #993300;\"><strong>&nbsp;&nbsp;&nbsp;&nbsp;&nbsp;&nbsp;&nbsp;&nbsp;&nbsp;&nbsp;&nbsp;&nbsp;&nbsp;&nbsp;&nbsp;&nbsp;&nbsp;<\/strong><\/span><\/h2>\n<p><img decoding=\"async\" class=\"wp-image-9806 alignleft lazyload\" data-src=\"https:\/\/astroceap.com.br\/ceap\/wp-content\/uploads\/2023\/12\/SINASTRIA-300x199.jpg\" alt=\"\" width=\"408\" height=\"271\" data-srcset=\"https:\/\/astroceap.com.br\/ceap\/wp-content\/uploads\/2023\/12\/SINASTRIA-300x199.jpg 300w, https:\/\/astroceap.com.br\/ceap\/wp-content\/uploads\/2023\/12\/SINASTRIA-768x510.jpg 768w, https:\/\/astroceap.com.br\/ceap\/wp-content\/uploads\/2023\/12\/SINASTRIA.jpg 1024w\" data-sizes=\"(max-width: 408px) 100vw, 408px\" src=\"data:image\/svg+xml;base64,PHN2ZyB3aWR0aD0iMSIgaGVpZ2h0PSIxIiB4bWxucz0iaHR0cDovL3d3dy53My5vcmcvMjAwMC9zdmciPjwvc3ZnPg==\" style=\"--smush-placeholder-width: 408px; --smush-placeholder-aspect-ratio: 408\/271;\" \/><\/p>\n<h2 id=\"sinastria\" style=\"text-align: center;\"><span style=\"color: #993300;\"><strong>Sinastria<\/strong><\/span><\/h2>\n<p><span style=\"color: #000000;\">Atrav\u00e9s desta t\u00e9cnica conhecida como Sinastria, vamos conseguir entender o que se passa entre duas pessoas, em geral um determinado casal, e como o relacionamento \u00e9 mantido e duradouro ou n\u00e3o, e\/ou o porque dos impedimentos de se manter por muito tempo.<\/span><\/p>\n<p><span style=\"color: #000000;\">Veremos a compatibilidade e quais as zonas de conflito que est\u00e3o se apresentando.<\/span><\/p>\n<p><span style=\"color: #000000;\">Veremos tamb\u00e9m o tipo de v\u00ednculo existente, que tem caracter\u00edsticas espec\u00edficas do envolvimento entre estas duas pessoas.<br \/>\n<\/span><\/p>\n<p>&nbsp;<\/p>\n<p style=\"text-align: center;\"><a class=\"\" href=\"https:\/\/astrologiaceap.com.br\/contato\" target=\"_blank\" rel=\"noopener\"><br \/>\n<button class=\"btnwpx\" type=\"button\"> ENTRE EM CONTATO <\/button><\/a><\/p>\n<p style=\"text-align: center;\"><span style=\"color: #000000;\"><strong><br \/>\nOU MANDE EMAIL PARA:<\/strong><\/span><\/p>\n<h4 style=\"text-align: center;\"><a href=\"mailto:contato1@astrologiaceap.com.br\"><span style=\"color: #000000;\"><strong>contato1@astrologiaceap.com.br<\/strong><\/span><\/a><\/h4>\n<p style=\"text-align: center;\">&nbsp;<\/p>\n","protected":false},"excerpt":{"rendered":"<p>atendimento em astrologia psicol\u00f3gica Atendimentos em Astrologia Psicol\u00f3gica Mapa Natal \u25aa\ufe0e Previs\u00f5es \u25aa\ufe0e Sinastria \u25aa\ufe0e Vocacional Se quiser fazer seu Mapa, entre em contato A criadora do C.E.A.P., M\u00e1rcia Ferreira, \u00e9 psicanalista e astr\u00f3loga, com mais de 40 anos de<\/p>\n","protected":false},"author":1,"featured_media":9805,"parent":0,"menu_order":0,"comment_status":"closed","ping_status":"closed","template":"","meta":{"ngg_post_thumbnail":0,"footnotes":""},"class_list":["post-473","page","type-page","status-publish","has-post-thumbnail","hentry"],"yoast_head":"<!-- This site is optimized with the Yoast SEO plugin v27.4 - https:\/\/yoast.com\/product\/yoast-seo-wordpress\/ -->\n<title>Atendimento em astrologia psicol\u00f3gica - C.E.A.P. Cursos online<\/title>\n<meta name=\"description\" content=\"Atendimento em astrologia psicol\u00f3gica presenciais e via Skype com qualidade no Brasil, Portugal e pa\u00edses da lingua inglesa.\" \/>\n<meta name=\"robots\" content=\"index, follow, max-snippet:-1, max-image-preview:large, max-video-preview:-1\" \/>\n<link rel=\"canonical\" href=\"https:\/\/astroceap.com.br\/ceap\/atendimentos\/\" \/>\n<meta property=\"og:locale\" content=\"pt_BR\" \/>\n<meta property=\"og:type\" content=\"article\" \/>\n<meta property=\"og:title\" content=\"Atendimento em astrologia psicol\u00f3gica - C.E.A.P. Cursos online\" \/>\n<meta property=\"og:description\" content=\"Atendimento em astrologia psicol\u00f3gica presenciais e via Skype com qualidade no Brasil, Portugal e pa\u00edses da lingua inglesa.\" \/>\n<meta property=\"og:url\" content=\"https:\/\/astroceap.com.br\/ceap\/atendimentos\/\" \/>\n<meta property=\"og:site_name\" content=\"C.E.A.P.\" \/>\n<meta property=\"article:publisher\" content=\"https:\/\/www.facebook.com\/astroceap\/\" \/>\n<meta property=\"article:modified_time\" content=\"2025-12-26T23:01:29+00:00\" \/>\n<meta property=\"og:image\" content=\"https:\/\/astroceap.com.br\/ceap\/wp-content\/uploads\/2023\/12\/zodiaco.jpg\" \/>\n\t<meta property=\"og:image:width\" content=\"700\" \/>\n\t<meta property=\"og:image:height\" content=\"400\" \/>\n\t<meta property=\"og:image:type\" content=\"image\/jpeg\" \/>\n<meta name=\"twitter:card\" content=\"summary_large_image\" \/>\n<meta name=\"twitter:site\" content=\"@astrologiaceap\" \/>\n<meta name=\"twitter:label1\" content=\"Est. tempo de leitura\" \/>\n\t<meta name=\"twitter:data1\" content=\"6 minutos\" \/>\n<script type=\"application\/ld+json\" class=\"yoast-schema-graph\">{\"@context\":\"https:\\\/\\\/schema.org\",\"@graph\":[{\"@type\":\"WebPage\",\"@id\":\"https:\\\/\\\/astroceap.com.br\\\/ceap\\\/atendimentos\\\/\",\"url\":\"https:\\\/\\\/astroceap.com.br\\\/ceap\\\/atendimentos\\\/\",\"name\":\"Atendimento em astrologia psicol\u00f3gica - C.E.A.P. Cursos online\",\"isPartOf\":{\"@id\":\"https:\\\/\\\/astroceap.com.br\\\/ceap\\\/#website\"},\"primaryImageOfPage\":{\"@id\":\"https:\\\/\\\/astroceap.com.br\\\/ceap\\\/atendimentos\\\/#primaryimage\"},\"image\":{\"@id\":\"https:\\\/\\\/astroceap.com.br\\\/ceap\\\/atendimentos\\\/#primaryimage\"},\"thumbnailUrl\":\"https:\\\/\\\/astroceap.com.br\\\/ceap\\\/wp-content\\\/uploads\\\/2023\\\/12\\\/zodiaco.jpg\",\"datePublished\":\"2017-12-10T02:08:18+00:00\",\"dateModified\":\"2025-12-26T23:01:29+00:00\",\"description\":\"Atendimento em astrologia psicol\u00f3gica presenciais e via Skype com qualidade no Brasil, Portugal e pa\u00edses da lingua inglesa.\",\"breadcrumb\":{\"@id\":\"https:\\\/\\\/astroceap.com.br\\\/ceap\\\/atendimentos\\\/#breadcrumb\"},\"inLanguage\":\"pt-BR\",\"potentialAction\":[{\"@type\":\"ReadAction\",\"target\":[\"https:\\\/\\\/astroceap.com.br\\\/ceap\\\/atendimentos\\\/\"]}]},{\"@type\":\"ImageObject\",\"inLanguage\":\"pt-BR\",\"@id\":\"https:\\\/\\\/astroceap.com.br\\\/ceap\\\/atendimentos\\\/#primaryimage\",\"url\":\"https:\\\/\\\/astroceap.com.br\\\/ceap\\\/wp-content\\\/uploads\\\/2023\\\/12\\\/zodiaco.jpg\",\"contentUrl\":\"https:\\\/\\\/astroceap.com.br\\\/ceap\\\/wp-content\\\/uploads\\\/2023\\\/12\\\/zodiaco.jpg\",\"width\":700,\"height\":400},{\"@type\":\"BreadcrumbList\",\"@id\":\"https:\\\/\\\/astroceap.com.br\\\/ceap\\\/atendimentos\\\/#breadcrumb\",\"itemListElement\":[{\"@type\":\"ListItem\",\"position\":1,\"name\":\"In\u00edcio\",\"item\":\"https:\\\/\\\/astroceap.com.br\\\/ceap\\\/\"},{\"@type\":\"ListItem\",\"position\":2,\"name\":\"ATENDIMENTOS &#8211; Astrologia Psicol\u00f3gica, Previs\u00f5es, An\u00e1lise Vocacional e Sinastria\"}]},{\"@type\":\"WebSite\",\"@id\":\"https:\\\/\\\/astroceap.com.br\\\/ceap\\\/#website\",\"url\":\"https:\\\/\\\/astroceap.com.br\\\/ceap\\\/\",\"name\":\"C.E.A.P.\",\"description\":\"Centro de Estudos de Astrologia Psicol\u00f3gica\",\"publisher\":{\"@id\":\"https:\\\/\\\/astroceap.com.br\\\/ceap\\\/#organization\"},\"potentialAction\":[{\"@type\":\"SearchAction\",\"target\":{\"@type\":\"EntryPoint\",\"urlTemplate\":\"https:\\\/\\\/astroceap.com.br\\\/ceap\\\/?s={search_term_string}\"},\"query-input\":{\"@type\":\"PropertyValueSpecification\",\"valueRequired\":true,\"valueName\":\"search_term_string\"}}],\"inLanguage\":\"pt-BR\"},{\"@type\":\"Organization\",\"@id\":\"https:\\\/\\\/astroceap.com.br\\\/ceap\\\/#organization\",\"name\":\"CEAP Centro de Estudos de Astrologia Psicol\u00f3gica\",\"url\":\"https:\\\/\\\/astroceap.com.br\\\/ceap\\\/\",\"logo\":{\"@type\":\"ImageObject\",\"inLanguage\":\"pt-BR\",\"@id\":\"https:\\\/\\\/astroceap.com.br\\\/ceap\\\/#\\\/schema\\\/logo\\\/image\\\/\",\"url\":\"http:\\\/\\\/astroceap.com.br\\\/ceap\\\/wp-content\\\/uploads\\\/2018\\\/03\\\/LOGO_CEAP_New4site.jpg\",\"contentUrl\":\"http:\\\/\\\/astroceap.com.br\\\/ceap\\\/wp-content\\\/uploads\\\/2018\\\/03\\\/LOGO_CEAP_New4site.jpg\",\"width\":140,\"height\":174,\"caption\":\"CEAP Centro de Estudos de Astrologia Psicol\u00f3gica\"},\"image\":{\"@id\":\"https:\\\/\\\/astroceap.com.br\\\/ceap\\\/#\\\/schema\\\/logo\\\/image\\\/\"},\"sameAs\":[\"https:\\\/\\\/www.facebook.com\\\/astroceap\\\/\",\"https:\\\/\\\/x.com\\\/astrologiaceap\",\"https:\\\/\\\/www.instagram.com\\\/ceap.astrologia\\\/\",\"https:\\\/\\\/www.youtube.com\\\/channel\\\/UCDsKeXx5S7f2xoPUxNpARSQ\"]}]}<\/script>\n<!-- \/ Yoast SEO plugin. -->","yoast_head_json":{"title":"Atendimento em astrologia psicol\u00f3gica - C.E.A.P. Cursos online","description":"Atendimento em astrologia psicol\u00f3gica presenciais e via Skype com qualidade no Brasil, Portugal e pa\u00edses da lingua inglesa.","robots":{"index":"index","follow":"follow","max-snippet":"max-snippet:-1","max-image-preview":"max-image-preview:large","max-video-preview":"max-video-preview:-1"},"canonical":"https:\/\/astroceap.com.br\/ceap\/atendimentos\/","og_locale":"pt_BR","og_type":"article","og_title":"Atendimento em astrologia psicol\u00f3gica - C.E.A.P. Cursos online","og_description":"Atendimento em astrologia psicol\u00f3gica presenciais e via Skype com qualidade no Brasil, Portugal e pa\u00edses da lingua inglesa.","og_url":"https:\/\/astroceap.com.br\/ceap\/atendimentos\/","og_site_name":"C.E.A.P.","article_publisher":"https:\/\/www.facebook.com\/astroceap\/","article_modified_time":"2025-12-26T23:01:29+00:00","og_image":[{"width":700,"height":400,"url":"https:\/\/astroceap.com.br\/ceap\/wp-content\/uploads\/2023\/12\/zodiaco.jpg","type":"image\/jpeg"}],"twitter_card":"summary_large_image","twitter_site":"@astrologiaceap","twitter_misc":{"Est. tempo de leitura":"6 minutos"},"schema":{"@context":"https:\/\/schema.org","@graph":[{"@type":"WebPage","@id":"https:\/\/astroceap.com.br\/ceap\/atendimentos\/","url":"https:\/\/astroceap.com.br\/ceap\/atendimentos\/","name":"Atendimento em astrologia psicol\u00f3gica - C.E.A.P. Cursos online","isPartOf":{"@id":"https:\/\/astroceap.com.br\/ceap\/#website"},"primaryImageOfPage":{"@id":"https:\/\/astroceap.com.br\/ceap\/atendimentos\/#primaryimage"},"image":{"@id":"https:\/\/astroceap.com.br\/ceap\/atendimentos\/#primaryimage"},"thumbnailUrl":"https:\/\/astroceap.com.br\/ceap\/wp-content\/uploads\/2023\/12\/zodiaco.jpg","datePublished":"2017-12-10T02:08:18+00:00","dateModified":"2025-12-26T23:01:29+00:00","description":"Atendimento em astrologia psicol\u00f3gica presenciais e via Skype com qualidade no Brasil, Portugal e pa\u00edses da lingua inglesa.","breadcrumb":{"@id":"https:\/\/astroceap.com.br\/ceap\/atendimentos\/#breadcrumb"},"inLanguage":"pt-BR","potentialAction":[{"@type":"ReadAction","target":["https:\/\/astroceap.com.br\/ceap\/atendimentos\/"]}]},{"@type":"ImageObject","inLanguage":"pt-BR","@id":"https:\/\/astroceap.com.br\/ceap\/atendimentos\/#primaryimage","url":"https:\/\/astroceap.com.br\/ceap\/wp-content\/uploads\/2023\/12\/zodiaco.jpg","contentUrl":"https:\/\/astroceap.com.br\/ceap\/wp-content\/uploads\/2023\/12\/zodiaco.jpg","width":700,"height":400},{"@type":"BreadcrumbList","@id":"https:\/\/astroceap.com.br\/ceap\/atendimentos\/#breadcrumb","itemListElement":[{"@type":"ListItem","position":1,"name":"In\u00edcio","item":"https:\/\/astroceap.com.br\/ceap\/"},{"@type":"ListItem","position":2,"name":"ATENDIMENTOS &#8211; Astrologia Psicol\u00f3gica, Previs\u00f5es, An\u00e1lise Vocacional e Sinastria"}]},{"@type":"WebSite","@id":"https:\/\/astroceap.com.br\/ceap\/#website","url":"https:\/\/astroceap.com.br\/ceap\/","name":"C.E.A.P.","description":"Centro de Estudos de Astrologia Psicol\u00f3gica","publisher":{"@id":"https:\/\/astroceap.com.br\/ceap\/#organization"},"potentialAction":[{"@type":"SearchAction","target":{"@type":"EntryPoint","urlTemplate":"https:\/\/astroceap.com.br\/ceap\/?s={search_term_string}"},"query-input":{"@type":"PropertyValueSpecification","valueRequired":true,"valueName":"search_term_string"}}],"inLanguage":"pt-BR"},{"@type":"Organization","@id":"https:\/\/astroceap.com.br\/ceap\/#organization","name":"CEAP Centro de Estudos de Astrologia Psicol\u00f3gica","url":"https:\/\/astroceap.com.br\/ceap\/","logo":{"@type":"ImageObject","inLanguage":"pt-BR","@id":"https:\/\/astroceap.com.br\/ceap\/#\/schema\/logo\/image\/","url":"http:\/\/astroceap.com.br\/ceap\/wp-content\/uploads\/2018\/03\/LOGO_CEAP_New4site.jpg","contentUrl":"http:\/\/astroceap.com.br\/ceap\/wp-content\/uploads\/2018\/03\/LOGO_CEAP_New4site.jpg","width":140,"height":174,"caption":"CEAP Centro de Estudos de Astrologia Psicol\u00f3gica"},"image":{"@id":"https:\/\/astroceap.com.br\/ceap\/#\/schema\/logo\/image\/"},"sameAs":["https:\/\/www.facebook.com\/astroceap\/","https:\/\/x.com\/astrologiaceap","https:\/\/www.instagram.com\/ceap.astrologia\/","https:\/\/www.youtube.com\/channel\/UCDsKeXx5S7f2xoPUxNpARSQ"]}]}},"_links":{"self":[{"href":"https:\/\/astroceap.com.br\/ceap\/wp-json\/wp\/v2\/pages\/473","targetHints":{"allow":["GET"]}}],"collection":[{"href":"https:\/\/astroceap.com.br\/ceap\/wp-json\/wp\/v2\/pages"}],"about":[{"href":"https:\/\/astroceap.com.br\/ceap\/wp-json\/wp\/v2\/types\/page"}],"author":[{"embeddable":true,"href":"https:\/\/astroceap.com.br\/ceap\/wp-json\/wp\/v2\/users\/1"}],"replies":[{"embeddable":true,"href":"https:\/\/astroceap.com.br\/ceap\/wp-json\/wp\/v2\/comments?post=473"}],"version-history":[{"count":70,"href":"https:\/\/astroceap.com.br\/ceap\/wp-json\/wp\/v2\/pages\/473\/revisions"}],"predecessor-version":[{"id":11791,"href":"https:\/\/astroceap.com.br\/ceap\/wp-json\/wp\/v2\/pages\/473\/revisions\/11791"}],"wp:featuredmedia":[{"embeddable":true,"href":"https:\/\/astroceap.com.br\/ceap\/wp-json\/wp\/v2\/media\/9805"}],"wp:attachment":[{"href":"https:\/\/astroceap.com.br\/ceap\/wp-json\/wp\/v2\/media?parent=473"}],"curies":[{"name":"wp","href":"https:\/\/api.w.org\/{rel}","templated":true}]}}